{"id":79398,"date":"2025-01-24T09:51:56","date_gmt":"2025-01-24T09:51:56","guid":{"rendered":"https:\/\/www.clinicaclaros.com\/?post_type=dt_portfolio&#038;p=79398"},"modified":"2025-02-04T08:16:32","modified_gmt":"2025-02-04T08:16:32","slug":"proximo-lanzamiento-del-libro-tertulias-nocturnas-del-dr-pedro-claros","status":"publish","type":"dt_portfolio","link":"https:\/\/www.clinicaclaros.com\/en\/project\/proximo-lanzamiento-del-libro-tertulias-nocturnas-del-dr-pedro-claros\/","title":{"rendered":"(Espa\u00f1ol) Pr\u00f3ximo lanzamiento del libro &#8220;Tertulias Nocturnas&#8221; del Dr. Pedro Clar\u00f3s."},"content":{"rendered":"<p class=\"qtranxs-available-languages-message qtranxs-available-languages-message-en\">Sorry, this entry is only available in <a href=\"https:\/\/www.clinicaclaros.com\/es\/wp-json\/wp\/v2\/dt_portfolio\/79398\" class=\"qtranxs-available-language-link qtranxs-available-language-link-es\" title=\"Espa\u00f1ol\">Espa\u00f1ol<\/a>.<\/p>","protected":false},"excerpt":{"rendered":"<p>Sorry, this entry is only available in Espa\u00f1ol.<\/p>\n","protected":false},"author":1,"featured_media":79400,"comment_status":"closed","ping_status":"closed","template":"","dt_portfolio_category":[73],"dt_portfolio_tags":[],"class_list":["post-79398","dt_portfolio","type-dt_portfolio","status-publish","has-post-thumbnail","hentry","dt_portfolio_category-noticias","dt_portfolio_category-73","description-off"],"yoast_head":"<!-- This site is optimized with the Yoast SEO plugin v27.4 - https:\/\/yoast.com\/product\/yoast-seo-wordpress\/ -->\n<title><\/title>\n<meta name=\"robots\" content=\"noindex, follow\" \/>\n<meta property=\"og:locale\" content=\"en_US\" \/>\n<meta property=\"og:type\" content=\"article\" \/>\n<meta property=\"og:title\" content=\"[:es]Pr\u00f3ximo lanzamiento del libro &quot;Tertulias Nocturnas&quot; del Dr. Pedro Clar\u00f3s.[:] - Cl\u00ed\u00adnica Clar\u00f3s\" \/>\n<meta property=\"og:description\" content=\"Sorry, this entry is only available in Espa\u00f1ol.\" \/>\n<meta property=\"og:url\" content=\"https:\/\/www.clinicaclaros.com\/project\/proximo-lanzamiento-del-libro-tertulias-nocturnas-del-dr-pedro-claros\/\" \/>\n<meta property=\"og:site_name\" content=\"Cl\u00ed\u00adnica Clar\u00f3s\" \/>\n<meta property=\"article:publisher\" content=\"https:\/\/www.facebook.com\/clinicaclaros\" \/>\n<meta property=\"article:modified_time\" content=\"2025-02-04T08:16:32+00:00\" \/>\n<meta property=\"og:image\" content=\"https:\/\/www.clinicaclaros.com\/wp-content\/uploads\/2025\/01\/portada-libro-web.jpg\" \/>\n\t<meta property=\"og:image:width\" content=\"866\" \/>\n\t<meta property=\"og:image:height\" content=\"780\" \/>\n\t<meta property=\"og:image:type\" content=\"image\/jpeg\" \/>\n<meta name=\"twitter:card\" content=\"summary_large_image\" \/>\n<meta name=\"twitter:site\" content=\"@ClinicaClaros\" \/>\n<meta name=\"twitter:label1\" content=\"Est. reading time\" \/>\n\t<meta name=\"twitter:data1\" content=\"1 minute\" \/>\n<script type=\"application\/ld+json\" class=\"yoast-schema-graph\">{\"@context\":\"https:\\\/\\\/schema.org\",\"@graph\":[{\"@type\":\"WebPage\",\"@id\":\"https:\\\/\\\/www.clinicaclaros.com\\\/project\\\/proximo-lanzamiento-del-libro-tertulias-nocturnas-del-dr-pedro-claros\\\/\",\"url\":\"https:\\\/\\\/www.clinicaclaros.com\\\/project\\\/proximo-lanzamiento-del-libro-tertulias-nocturnas-del-dr-pedro-claros\\\/\",\"name\":\"[:es]Pr\u00f3ximo lanzamiento del libro \\\"Tertulias Nocturnas\\\" del Dr. Pedro Clar\u00f3s.[:] - Cl\u00ed\u00adnica Clar\u00f3s\",\"isPartOf\":{\"@id\":\"https:\\\/\\\/www.clinicaclaros.com\\\/#website\"},\"primaryImageOfPage\":{\"@id\":\"https:\\\/\\\/www.clinicaclaros.com\\\/project\\\/proximo-lanzamiento-del-libro-tertulias-nocturnas-del-dr-pedro-claros\\\/#primaryimage\"},\"image\":{\"@id\":\"https:\\\/\\\/www.clinicaclaros.com\\\/project\\\/proximo-lanzamiento-del-libro-tertulias-nocturnas-del-dr-pedro-claros\\\/#primaryimage\"},\"thumbnailUrl\":\"https:\\\/\\\/www.clinicaclaros.com\\\/wp-content\\\/uploads\\\/2025\\\/01\\\/portada-libro-web.jpg\",\"datePublished\":\"2025-01-24T09:51:56+00:00\",\"dateModified\":\"2025-02-04T08:16:32+00:00\",\"breadcrumb\":{\"@id\":\"https:\\\/\\\/www.clinicaclaros.com\\\/project\\\/proximo-lanzamiento-del-libro-tertulias-nocturnas-del-dr-pedro-claros\\\/#breadcrumb\"},\"inLanguage\":\"en-US\",\"potentialAction\":[{\"@type\":\"ReadAction\",\"target\":[\"https:\\\/\\\/www.clinicaclaros.com\\\/project\\\/proximo-lanzamiento-del-libro-tertulias-nocturnas-del-dr-pedro-claros\\\/\"]}]},{\"@type\":\"ImageObject\",\"inLanguage\":\"en-US\",\"@id\":\"https:\\\/\\\/www.clinicaclaros.com\\\/project\\\/proximo-lanzamiento-del-libro-tertulias-nocturnas-del-dr-pedro-claros\\\/#primaryimage\",\"url\":\"https:\\\/\\\/www.clinicaclaros.com\\\/wp-content\\\/uploads\\\/2025\\\/01\\\/portada-libro-web.jpg\",\"contentUrl\":\"https:\\\/\\\/www.clinicaclaros.com\\\/wp-content\\\/uploads\\\/2025\\\/01\\\/portada-libro-web.jpg\",\"width\":866,\"height\":780},{\"@type\":\"BreadcrumbList\",\"@id\":\"https:\\\/\\\/www.clinicaclaros.com\\\/project\\\/proximo-lanzamiento-del-libro-tertulias-nocturnas-del-dr-pedro-claros\\\/#breadcrumb\",\"itemListElement\":[{\"@type\":\"ListItem\",\"position\":1,\"name\":\"Portada\",\"item\":\"https:\\\/\\\/www.clinicaclaros.com\\\/\"},{\"@type\":\"ListItem\",\"position\":2,\"name\":\"Portafolio\",\"item\":\"https:\\\/\\\/www.clinicaclaros.com\\\/project\\\/\"},{\"@type\":\"ListItem\",\"position\":3,\"name\":\"(Espa\u00f1ol) Pr\u00f3ximo lanzamiento del libro &#8220;Tertulias Nocturnas&#8221; del Dr. Pedro Clar\u00f3s.\"}]},{\"@type\":\"WebSite\",\"@id\":\"https:\\\/\\\/www.clinicaclaros.com\\\/#website\",\"url\":\"https:\\\/\\\/www.clinicaclaros.com\\\/\",\"name\":\"Cl\u00ed\u00adnica Clar\u00f3s\",\"description\":\"Otorrinolaringolog\u00eda y Cirug\u00eda Pl\u00e1stica Facial\",\"publisher\":{\"@id\":\"https:\\\/\\\/www.clinicaclaros.com\\\/#organization\"},\"potentialAction\":[{\"@type\":\"SearchAction\",\"target\":{\"@type\":\"EntryPoint\",\"urlTemplate\":\"https:\\\/\\\/www.clinicaclaros.com\\\/?s={search_term_string}\"},\"query-input\":{\"@type\":\"PropertyValueSpecification\",\"valueRequired\":true,\"valueName\":\"search_term_string\"}}],\"inLanguage\":\"en-US\"},{\"@type\":\"Organization\",\"@id\":\"https:\\\/\\\/www.clinicaclaros.com\\\/#organization\",\"name\":\"Cl\u00ednica Clar\u00f3s\",\"url\":\"https:\\\/\\\/www.clinicaclaros.com\\\/\",\"logo\":{\"@type\":\"ImageObject\",\"inLanguage\":\"en-US\",\"@id\":\"https:\\\/\\\/www.clinicaclaros.com\\\/#\\\/schema\\\/logo\\\/image\\\/\",\"url\":\"https:\\\/\\\/www.clinicaclaros.com\\\/wp-content\\\/uploads\\\/2015\\\/06\\\/logoalargadocabecera.jpg\",\"contentUrl\":\"https:\\\/\\\/www.clinicaclaros.com\\\/wp-content\\\/uploads\\\/2015\\\/06\\\/logoalargadocabecera.jpg\",\"width\":200,\"height\":60,\"caption\":\"Cl\u00ednica Clar\u00f3s\"},\"image\":{\"@id\":\"https:\\\/\\\/www.clinicaclaros.com\\\/#\\\/schema\\\/logo\\\/image\\\/\"},\"sameAs\":[\"https:\\\/\\\/www.facebook.com\\\/clinicaclaros\",\"https:\\\/\\\/x.com\\\/ClinicaClaros\",\"https:\\\/\\\/www.linkedin.com\\\/company\\\/cl\u00ednica-clar\u00f3s\",\"https:\\\/\\\/www.youtube.com\\\/user\\\/FundacioClaros\"]}]}<\/script>\n<!-- \/ Yoast SEO plugin. -->","yoast_head_json":{"title":"[:es]Pr\u00f3ximo lanzamiento del libro \"Tertulias Nocturnas\" del Dr. Pedro Clar\u00f3s.[:] - Cl\u00ed\u00adnica Clar\u00f3s","robots":{"index":"noindex","follow":"follow"},"og_locale":"en_US","og_type":"article","og_title":"[:es]Pr\u00f3ximo lanzamiento del libro \"Tertulias Nocturnas\" del Dr. Pedro Clar\u00f3s.[:] - Cl\u00ed\u00adnica Clar\u00f3s","og_description":"Sorry, this entry is only available in Espa\u00f1ol.","og_url":"https:\/\/www.clinicaclaros.com\/project\/proximo-lanzamiento-del-libro-tertulias-nocturnas-del-dr-pedro-claros\/","og_site_name":"Cl\u00ed\u00adnica Clar\u00f3s","article_publisher":"https:\/\/www.facebook.com\/clinicaclaros","article_modified_time":"2025-02-04T08:16:32+00:00","og_image":[{"width":866,"height":780,"url":"https:\/\/www.clinicaclaros.com\/wp-content\/uploads\/2025\/01\/portada-libro-web.jpg","type":"image\/jpeg"}],"twitter_card":"summary_large_image","twitter_site":"@ClinicaClaros","twitter_misc":{"Est. reading time":"1 minute"},"schema":{"@context":"https:\/\/schema.org","@graph":[{"@type":"WebPage","@id":"https:\/\/www.clinicaclaros.com\/project\/proximo-lanzamiento-del-libro-tertulias-nocturnas-del-dr-pedro-claros\/","url":"https:\/\/www.clinicaclaros.com\/project\/proximo-lanzamiento-del-libro-tertulias-nocturnas-del-dr-pedro-claros\/","name":"[:es]Pr\u00f3ximo lanzamiento del libro \"Tertulias Nocturnas\" del Dr. Pedro Clar\u00f3s.[:] - Cl\u00ed\u00adnica Clar\u00f3s","isPartOf":{"@id":"https:\/\/www.clinicaclaros.com\/#website"},"primaryImageOfPage":{"@id":"https:\/\/www.clinicaclaros.com\/project\/proximo-lanzamiento-del-libro-tertulias-nocturnas-del-dr-pedro-claros\/#primaryimage"},"image":{"@id":"https:\/\/www.clinicaclaros.com\/project\/proximo-lanzamiento-del-libro-tertulias-nocturnas-del-dr-pedro-claros\/#primaryimage"},"thumbnailUrl":"https:\/\/www.clinicaclaros.com\/wp-content\/uploads\/2025\/01\/portada-libro-web.jpg","datePublished":"2025-01-24T09:51:56+00:00","dateModified":"2025-02-04T08:16:32+00:00","breadcrumb":{"@id":"https:\/\/www.clinicaclaros.com\/project\/proximo-lanzamiento-del-libro-tertulias-nocturnas-del-dr-pedro-claros\/#breadcrumb"},"inLanguage":"en-US","potentialAction":[{"@type":"ReadAction","target":["https:\/\/www.clinicaclaros.com\/project\/proximo-lanzamiento-del-libro-tertulias-nocturnas-del-dr-pedro-claros\/"]}]},{"@type":"ImageObject","inLanguage":"en-US","@id":"https:\/\/www.clinicaclaros.com\/project\/proximo-lanzamiento-del-libro-tertulias-nocturnas-del-dr-pedro-claros\/#primaryimage","url":"https:\/\/www.clinicaclaros.com\/wp-content\/uploads\/2025\/01\/portada-libro-web.jpg","contentUrl":"https:\/\/www.clinicaclaros.com\/wp-content\/uploads\/2025\/01\/portada-libro-web.jpg","width":866,"height":780},{"@type":"BreadcrumbList","@id":"https:\/\/www.clinicaclaros.com\/project\/proximo-lanzamiento-del-libro-tertulias-nocturnas-del-dr-pedro-claros\/#breadcrumb","itemListElement":[{"@type":"ListItem","position":1,"name":"Portada","item":"https:\/\/www.clinicaclaros.com\/"},{"@type":"ListItem","position":2,"name":"Portafolio","item":"https:\/\/www.clinicaclaros.com\/project\/"},{"@type":"ListItem","position":3,"name":"(Espa\u00f1ol) Pr\u00f3ximo lanzamiento del libro &#8220;Tertulias Nocturnas&#8221; del Dr. Pedro Clar\u00f3s."}]},{"@type":"WebSite","@id":"https:\/\/www.clinicaclaros.com\/#website","url":"https:\/\/www.clinicaclaros.com\/","name":"Cl\u00ed\u00adnica Clar\u00f3s","description":"Otorrinolaringolog\u00eda y Cirug\u00eda Pl\u00e1stica Facial","publisher":{"@id":"https:\/\/www.clinicaclaros.com\/#organization"},"potentialAction":[{"@type":"SearchAction","target":{"@type":"EntryPoint","urlTemplate":"https:\/\/www.clinicaclaros.com\/?s={search_term_string}"},"query-input":{"@type":"PropertyValueSpecification","valueRequired":true,"valueName":"search_term_string"}}],"inLanguage":"en-US"},{"@type":"Organization","@id":"https:\/\/www.clinicaclaros.com\/#organization","name":"Cl\u00ednica Clar\u00f3s","url":"https:\/\/www.clinicaclaros.com\/","logo":{"@type":"ImageObject","inLanguage":"en-US","@id":"https:\/\/www.clinicaclaros.com\/#\/schema\/logo\/image\/","url":"https:\/\/www.clinicaclaros.com\/wp-content\/uploads\/2015\/06\/logoalargadocabecera.jpg","contentUrl":"https:\/\/www.clinicaclaros.com\/wp-content\/uploads\/2015\/06\/logoalargadocabecera.jpg","width":200,"height":60,"caption":"Cl\u00ednica Clar\u00f3s"},"image":{"@id":"https:\/\/www.clinicaclaros.com\/#\/schema\/logo\/image\/"},"sameAs":["https:\/\/www.facebook.com\/clinicaclaros","https:\/\/x.com\/ClinicaClaros","https:\/\/www.linkedin.com\/company\/cl\u00ednica-clar\u00f3s","https:\/\/www.youtube.com\/user\/FundacioClaros"]}]}},"_links":{"self":[{"href":"https:\/\/www.clinicaclaros.com\/en\/wp-json\/wp\/v2\/dt_portfolio\/79398","targetHints":{"allow":["GET"]}}],"collection":[{"href":"https:\/\/www.clinicaclaros.com\/en\/wp-json\/wp\/v2\/dt_portfolio"}],"about":[{"href":"https:\/\/www.clinicaclaros.com\/en\/wp-json\/wp\/v2\/types\/dt_portfolio"}],"author":[{"embeddable":true,"href":"https:\/\/www.clinicaclaros.com\/en\/wp-json\/wp\/v2\/users\/1"}],"replies":[{"embeddable":true,"href":"https:\/\/www.clinicaclaros.com\/en\/wp-json\/wp\/v2\/comments?post=79398"}],"version-history":[{"count":0,"href":"https:\/\/www.clinicaclaros.com\/en\/wp-json\/wp\/v2\/dt_portfolio\/79398\/revisions"}],"wp:featuredmedia":[{"embeddable":true,"href":"https:\/\/www.clinicaclaros.com\/en\/wp-json\/wp\/v2\/media\/79400"}],"wp:attachment":[{"href":"https:\/\/www.clinicaclaros.com\/en\/wp-json\/wp\/v2\/media?parent=79398"}],"wp:term":[{"taxonomy":"dt_portfolio_category","embeddable":true,"href":"https:\/\/www.clinicaclaros.com\/en\/wp-json\/wp\/v2\/dt_portfolio_category?post=79398"},{"taxonomy":"dt_portfolio_tags","embeddable":true,"href":"https:\/\/www.clinicaclaros.com\/en\/wp-json\/wp\/v2\/dt_portfolio_tags?post=79398"}],"curies":[{"name":"wp","href":"https:\/\/api.w.org\/{rel}","templated":true}]}}

(Español) Próximo lanzamiento del libro &#8220;Tertulias Nocturnas&#8221; del Dr. Pedro Clarós.

<p class="qtranxs-available-languages-message qtranxs-available-languages-message-en">Sorry, this entry is only available in <a href="https://www.clinicaclaros.com/es/wp-json/wp/v2/dt_portfolio/79398" class="qtranxs-available-language-link qtranxs-available-language-link-es" title="Español">Español</a>.</p>

<p>Sorry, this entry is only available in Español.</p>

<!-- This site is optimized with the Yoast SEO plugin v27.4 - https://yoast.com/product/yoast-seo-wordpress/ -->
<title></title>
<meta name="robots" content="noindex, follow" />
<meta property="og:locale" content="en_US" />
<meta property="og:type" content="article" />
<meta property="og:title" content="[:es]Próximo lanzamiento del libro &quot;Tertulias Nocturnas&quot; del Dr. Pedro Clarós.[:] - Clí­nica Clarós" />
<meta property="og:description" content="Sorry, this entry is only available in Español." />
<meta property="og:url" content="https://www.clinicaclaros.com/project/proximo-lanzamiento-del-libro-tertulias-nocturnas-del-dr-pedro-claros/" />
<meta property="og:site_name" content="Clí­nica Clarós" />
<meta property="article:publisher" content="https://www.facebook.com/clinicaclaros" />
<meta property="article:modified_time" content="2025-02-04T08:16:32+00:00" />
<meta property="og:image" content="https://www.clinicaclaros.com/wp-content/uploads/2025/01/portada-libro-web.jpg" />
	<meta property="og:image:width" content="866" />
	<meta property="og:image:height" content="780" />
	<meta property="og:image:type" content="image/jpeg" />
<meta name="twitter:card" content="summary_large_image" />
<meta name="twitter:site" content="@ClinicaClaros" />
<meta name="twitter:label1" content="Est. reading time" />
	<meta name="twitter:data1" content="1 minute" />
<script type="application/ld+json" class="yoast-schema-graph">{"@context":"https:\/\/schema.org","@graph":[{"@type":"WebPage","@id":"https:\/\/www.clinicaclaros.com\/project\/proximo-lanzamiento-del-libro-tertulias-nocturnas-del-dr-pedro-claros\/","url":"https:\/\/www.clinicaclaros.com\/project\/proximo-lanzamiento-del-libro-tertulias-nocturnas-del-dr-pedro-claros\/","name":"[:es]Próximo lanzamiento del libro \"Tertulias Nocturnas\" del Dr. Pedro Clarós.[:] - Clí­nica Clarós","isPartOf":{"@id":"https:\/\/www.clinicaclaros.com\/#website"},"primaryImageOfPage":{"@id":"https:\/\/www.clinicaclaros.com\/project\/proximo-lanzamiento-del-libro-tertulias-nocturnas-del-dr-pedro-claros\/#primaryimage"},"image":{"@id":"https:\/\/www.clinicaclaros.com\/project\/proximo-lanzamiento-del-libro-tertulias-nocturnas-del-dr-pedro-claros\/#primaryimage"},"thumbnailUrl":"https:\/\/www.clinicaclaros.com\/wp-content\/uploads\/2025\/01\/portada-libro-web.jpg","datePublished":"2025-01-24T09:51:56+00:00","dateModified":"2025-02-04T08:16:32+00:00","breadcrumb":{"@id":"https:\/\/www.clinicaclaros.com\/project\/proximo-lanzamiento-del-libro-tertulias-nocturnas-del-dr-pedro-claros\/#breadcrumb"},"inLanguage":"en-US","potentialAction":[{"@type":"ReadAction","target":["https:\/\/www.clinicaclaros.com\/project\/proximo-lanzamiento-del-libro-tertulias-nocturnas-del-dr-pedro-claros\/"]}]},{"@type":"ImageObject","inLanguage":"en-US","@id":"https:\/\/www.clinicaclaros.com\/project\/proximo-lanzamiento-del-libro-tertulias-nocturnas-del-dr-pedro-claros\/#primaryimage","url":"https:\/\/www.clinicaclaros.com\/wp-content\/uploads\/2025\/01\/portada-libro-web.jpg","contentUrl":"https:\/\/www.clinicaclaros.com\/wp-content\/uploads\/2025\/01\/portada-libro-web.jpg","width":866,"height":780},{"@type":"BreadcrumbList","@id":"https:\/\/www.clinicaclaros.com\/project\/proximo-lanzamiento-del-libro-tertulias-nocturnas-del-dr-pedro-claros\/#breadcrumb","itemListElement":[{"@type":"ListItem","position":1,"name":"Portada","item":"https:\/\/www.clinicaclaros.com\/"},{"@type":"ListItem","position":2,"name":"Portafolio","item":"https:\/\/www.clinicaclaros.com\/project\/"},{"@type":"ListItem","position":3,"name":"(Español) Próximo lanzamiento del libro &#8220;Tertulias Nocturnas&#8221; del Dr. Pedro Clarós."}]},{"@type":"WebSite","@id":"https:\/\/www.clinicaclaros.com\/#website","url":"https:\/\/www.clinicaclaros.com\/","name":"Clí­nica Clarós","description":"Otorrinolaringología y Cirugía Plástica Facial","publisher":{"@id":"https:\/\/www.clinicaclaros.com\/#organization"},"potentialAction":[{"@type":"SearchAction","target":{"@type":"EntryPoint","urlTemplate":"https:\/\/www.clinicaclaros.com\/?s={search_term_string}"},"query-input":{"@type":"PropertyValueSpecification","valueRequired":true,"valueName":"search_term_string"}}],"inLanguage":"en-US"},{"@type":"Organization","@id":"https:\/\/www.clinicaclaros.com\/#organization","name":"Clínica Clarós","url":"https:\/\/www.clinicaclaros.com\/","logo":{"@type":"ImageObject","inLanguage":"en-US","@id":"https:\/\/www.clinicaclaros.com\/#\/schema\/logo\/image\/","url":"https:\/\/www.clinicaclaros.com\/wp-content\/uploads\/2015\/06\/logoalargadocabecera.jpg","contentUrl":"https:\/\/www.clinicaclaros.com\/wp-content\/uploads\/2015\/06\/logoalargadocabecera.jpg","width":200,"height":60,"caption":"Clínica Clarós"},"image":{"@id":"https:\/\/www.clinicaclaros.com\/#\/schema\/logo\/image\/"},"sameAs":["https:\/\/www.facebook.com\/clinicaclaros","https:\/\/x.com\/ClinicaClaros","https:\/\/www.linkedin.com\/company\/clínica-clarós","https:\/\/www.youtube.com\/user\/FundacioClaros"]}]}</script>
<!-- / Yoast SEO plugin. -->

[:es]Próximo lanzamiento del libro "Tertulias Nocturnas" del Dr. Pedro Clarós.[:] - Clí­nica Clarós

Sorry, this entry is only available in Español.

Clí­nica Clarós

Otorrinolaringología y Cirugía Plástica Facial

Clínica Clarós

https://www.linkedin.com/company/clínica-clarós
