{"id":79003,"date":"2024-12-04T11:46:58","date_gmt":"2024-12-04T11:46:58","guid":{"rendered":"https:\/\/www.clinicaclaros.com\/?post_type=dt_portfolio&#038;p=79003"},"modified":"2024-12-04T11:46:58","modified_gmt":"2024-12-04T11:46:58","slug":"entrevista-al-dr-andres-claros-a-radio-vilassar-el-passat-28-de-novembre-de-2024","status":"publish","type":"dt_portfolio","link":"https:\/\/www.clinicaclaros.com\/en\/project\/entrevista-al-dr-andres-claros-a-radio-vilassar-el-passat-28-de-novembre-de-2024\/","title":{"rendered":"(Espa\u00f1ol) Entrevista al Dr. Andr\u00e9s Clar\u00f3s a Radio Vilassar el passat 28 de novembre de 2024"},"content":{"rendered":"<p class=\"qtranxs-available-languages-message qtranxs-available-languages-message-en\">Sorry, this entry is only available in <a href=\"https:\/\/www.clinicaclaros.com\/es\/wp-json\/wp\/v2\/dt_portfolio\/79003\" class=\"qtranxs-available-language-link qtranxs-available-language-link-es\" title=\"Espa\u00f1ol\">Espa\u00f1ol<\/a>.<\/p>","protected":false},"excerpt":{"rendered":"<p>Sorry, this entry is only available in Espa\u00f1ol.<\/p>\n","protected":false},"author":1,"featured_media":79032,"comment_status":"closed","ping_status":"closed","template":"","dt_portfolio_category":[73],"dt_portfolio_tags":[],"class_list":["post-79003","dt_portfolio","type-dt_portfolio","status-publish","has-post-thumbnail","hentry","dt_portfolio_category-noticias","dt_portfolio_category-73","description-off"],"yoast_head":"<!-- This site is optimized with the Yoast SEO plugin v27.4 - https:\/\/yoast.com\/product\/yoast-seo-wordpress\/ -->\n<title><\/title>\n<meta name=\"robots\" content=\"noindex, follow\" \/>\n<meta property=\"og:locale\" content=\"en_US\" \/>\n<meta property=\"og:type\" content=\"article\" \/>\n<meta property=\"og:title\" content=\"[:es]Entrevista al Dr. Andr\u00e9s Clar\u00f3s a Radio Vilassar el passat 28 de novembre de 2024[:] - Cl\u00ed\u00adnica Clar\u00f3s\" \/>\n<meta property=\"og:description\" content=\"Sorry, this entry is only available in Espa\u00f1ol.\" \/>\n<meta property=\"og:url\" content=\"https:\/\/www.clinicaclaros.com\/project\/entrevista-al-dr-andres-claros-a-radio-vilassar-el-passat-28-de-novembre-de-2024\/\" \/>\n<meta property=\"og:site_name\" content=\"Cl\u00ed\u00adnica Clar\u00f3s\" \/>\n<meta property=\"article:publisher\" content=\"https:\/\/www.facebook.com\/clinicaclaros\" \/>\n<meta property=\"og:image\" content=\"https:\/\/www.clinicaclaros.com\/wp-content\/uploads\/2024\/12\/WhatsApp-Image-2024-11-21-at-15.02.292.jpeg\" \/>\n\t<meta property=\"og:image:width\" content=\"517\" \/>\n\t<meta property=\"og:image:height\" content=\"548\" \/>\n\t<meta property=\"og:image:type\" content=\"image\/jpeg\" \/>\n<meta name=\"twitter:card\" content=\"summary_large_image\" \/>\n<meta name=\"twitter:site\" content=\"@ClinicaClaros\" \/>\n<meta name=\"twitter:label1\" content=\"Est. reading time\" \/>\n\t<meta name=\"twitter:data1\" content=\"1 minute\" \/>\n<script type=\"application\/ld+json\" class=\"yoast-schema-graph\">{\"@context\":\"https:\\\/\\\/schema.org\",\"@graph\":[{\"@type\":\"WebPage\",\"@id\":\"https:\\\/\\\/www.clinicaclaros.com\\\/project\\\/entrevista-al-dr-andres-claros-a-radio-vilassar-el-passat-28-de-novembre-de-2024\\\/\",\"url\":\"https:\\\/\\\/www.clinicaclaros.com\\\/project\\\/entrevista-al-dr-andres-claros-a-radio-vilassar-el-passat-28-de-novembre-de-2024\\\/\",\"name\":\"[:es]Entrevista al Dr. Andr\u00e9s Clar\u00f3s a Radio Vilassar el passat 28 de novembre de 2024[:] - Cl\u00ed\u00adnica Clar\u00f3s\",\"isPartOf\":{\"@id\":\"https:\\\/\\\/www.clinicaclaros.com\\\/#website\"},\"primaryImageOfPage\":{\"@id\":\"https:\\\/\\\/www.clinicaclaros.com\\\/project\\\/entrevista-al-dr-andres-claros-a-radio-vilassar-el-passat-28-de-novembre-de-2024\\\/#primaryimage\"},\"image\":{\"@id\":\"https:\\\/\\\/www.clinicaclaros.com\\\/project\\\/entrevista-al-dr-andres-claros-a-radio-vilassar-el-passat-28-de-novembre-de-2024\\\/#primaryimage\"},\"thumbnailUrl\":\"https:\\\/\\\/www.clinicaclaros.com\\\/wp-content\\\/uploads\\\/2024\\\/12\\\/WhatsApp-Image-2024-11-21-at-15.02.292.jpeg\",\"datePublished\":\"2024-12-04T11:46:58+00:00\",\"breadcrumb\":{\"@id\":\"https:\\\/\\\/www.clinicaclaros.com\\\/project\\\/entrevista-al-dr-andres-claros-a-radio-vilassar-el-passat-28-de-novembre-de-2024\\\/#breadcrumb\"},\"inLanguage\":\"en-US\",\"potentialAction\":[{\"@type\":\"ReadAction\",\"target\":[\"https:\\\/\\\/www.clinicaclaros.com\\\/project\\\/entrevista-al-dr-andres-claros-a-radio-vilassar-el-passat-28-de-novembre-de-2024\\\/\"]}]},{\"@type\":\"ImageObject\",\"inLanguage\":\"en-US\",\"@id\":\"https:\\\/\\\/www.clinicaclaros.com\\\/project\\\/entrevista-al-dr-andres-claros-a-radio-vilassar-el-passat-28-de-novembre-de-2024\\\/#primaryimage\",\"url\":\"https:\\\/\\\/www.clinicaclaros.com\\\/wp-content\\\/uploads\\\/2024\\\/12\\\/WhatsApp-Image-2024-11-21-at-15.02.292.jpeg\",\"contentUrl\":\"https:\\\/\\\/www.clinicaclaros.com\\\/wp-content\\\/uploads\\\/2024\\\/12\\\/WhatsApp-Image-2024-11-21-at-15.02.292.jpeg\",\"width\":517,\"height\":548},{\"@type\":\"BreadcrumbList\",\"@id\":\"https:\\\/\\\/www.clinicaclaros.com\\\/project\\\/entrevista-al-dr-andres-claros-a-radio-vilassar-el-passat-28-de-novembre-de-2024\\\/#breadcrumb\",\"itemListElement\":[{\"@type\":\"ListItem\",\"position\":1,\"name\":\"Portada\",\"item\":\"https:\\\/\\\/www.clinicaclaros.com\\\/\"},{\"@type\":\"ListItem\",\"position\":2,\"name\":\"Portafolio\",\"item\":\"https:\\\/\\\/www.clinicaclaros.com\\\/project\\\/\"},{\"@type\":\"ListItem\",\"position\":3,\"name\":\"Entrevista al Dr. Andr\u00e9s Clar\u00f3s a Radio Vilassar el passat 28 de novembre de 2024\"}]},{\"@type\":\"WebSite\",\"@id\":\"https:\\\/\\\/www.clinicaclaros.com\\\/#website\",\"url\":\"https:\\\/\\\/www.clinicaclaros.com\\\/\",\"name\":\"Cl\u00ed\u00adnica Clar\u00f3s\",\"description\":\"Otorrinolaringolog\u00eda y Cirug\u00eda Pl\u00e1stica Facial\",\"publisher\":{\"@id\":\"https:\\\/\\\/www.clinicaclaros.com\\\/#organization\"},\"potentialAction\":[{\"@type\":\"SearchAction\",\"target\":{\"@type\":\"EntryPoint\",\"urlTemplate\":\"https:\\\/\\\/www.clinicaclaros.com\\\/?s={search_term_string}\"},\"query-input\":{\"@type\":\"PropertyValueSpecification\",\"valueRequired\":true,\"valueName\":\"search_term_string\"}}],\"inLanguage\":\"en-US\"},{\"@type\":\"Organization\",\"@id\":\"https:\\\/\\\/www.clinicaclaros.com\\\/#organization\",\"name\":\"Cl\u00ednica Clar\u00f3s\",\"url\":\"https:\\\/\\\/www.clinicaclaros.com\\\/\",\"logo\":{\"@type\":\"ImageObject\",\"inLanguage\":\"en-US\",\"@id\":\"https:\\\/\\\/www.clinicaclaros.com\\\/#\\\/schema\\\/logo\\\/image\\\/\",\"url\":\"https:\\\/\\\/www.clinicaclaros.com\\\/wp-content\\\/uploads\\\/2015\\\/06\\\/logoalargadocabecera.jpg\",\"contentUrl\":\"https:\\\/\\\/www.clinicaclaros.com\\\/wp-content\\\/uploads\\\/2015\\\/06\\\/logoalargadocabecera.jpg\",\"width\":200,\"height\":60,\"caption\":\"Cl\u00ednica Clar\u00f3s\"},\"image\":{\"@id\":\"https:\\\/\\\/www.clinicaclaros.com\\\/#\\\/schema\\\/logo\\\/image\\\/\"},\"sameAs\":[\"https:\\\/\\\/www.facebook.com\\\/clinicaclaros\",\"https:\\\/\\\/x.com\\\/ClinicaClaros\",\"https:\\\/\\\/www.linkedin.com\\\/company\\\/cl\u00ednica-clar\u00f3s\",\"https:\\\/\\\/www.youtube.com\\\/user\\\/FundacioClaros\"]}]}<\/script>\n<!-- \/ Yoast SEO plugin. -->","yoast_head_json":{"title":"[:es]Entrevista al Dr. Andr\u00e9s Clar\u00f3s a Radio Vilassar el passat 28 de novembre de 2024[:] - Cl\u00ed\u00adnica Clar\u00f3s","robots":{"index":"noindex","follow":"follow"},"og_locale":"en_US","og_type":"article","og_title":"[:es]Entrevista al Dr. Andr\u00e9s Clar\u00f3s a Radio Vilassar el passat 28 de novembre de 2024[:] - Cl\u00ed\u00adnica Clar\u00f3s","og_description":"Sorry, this entry is only available in Espa\u00f1ol.","og_url":"https:\/\/www.clinicaclaros.com\/project\/entrevista-al-dr-andres-claros-a-radio-vilassar-el-passat-28-de-novembre-de-2024\/","og_site_name":"Cl\u00ed\u00adnica Clar\u00f3s","article_publisher":"https:\/\/www.facebook.com\/clinicaclaros","og_image":[{"width":517,"height":548,"url":"https:\/\/www.clinicaclaros.com\/wp-content\/uploads\/2024\/12\/WhatsApp-Image-2024-11-21-at-15.02.292.jpeg","type":"image\/jpeg"}],"twitter_card":"summary_large_image","twitter_site":"@ClinicaClaros","twitter_misc":{"Est. reading time":"1 minute"},"schema":{"@context":"https:\/\/schema.org","@graph":[{"@type":"WebPage","@id":"https:\/\/www.clinicaclaros.com\/project\/entrevista-al-dr-andres-claros-a-radio-vilassar-el-passat-28-de-novembre-de-2024\/","url":"https:\/\/www.clinicaclaros.com\/project\/entrevista-al-dr-andres-claros-a-radio-vilassar-el-passat-28-de-novembre-de-2024\/","name":"[:es]Entrevista al Dr. Andr\u00e9s Clar\u00f3s a Radio Vilassar el passat 28 de novembre de 2024[:] - Cl\u00ed\u00adnica Clar\u00f3s","isPartOf":{"@id":"https:\/\/www.clinicaclaros.com\/#website"},"primaryImageOfPage":{"@id":"https:\/\/www.clinicaclaros.com\/project\/entrevista-al-dr-andres-claros-a-radio-vilassar-el-passat-28-de-novembre-de-2024\/#primaryimage"},"image":{"@id":"https:\/\/www.clinicaclaros.com\/project\/entrevista-al-dr-andres-claros-a-radio-vilassar-el-passat-28-de-novembre-de-2024\/#primaryimage"},"thumbnailUrl":"https:\/\/www.clinicaclaros.com\/wp-content\/uploads\/2024\/12\/WhatsApp-Image-2024-11-21-at-15.02.292.jpeg","datePublished":"2024-12-04T11:46:58+00:00","breadcrumb":{"@id":"https:\/\/www.clinicaclaros.com\/project\/entrevista-al-dr-andres-claros-a-radio-vilassar-el-passat-28-de-novembre-de-2024\/#breadcrumb"},"inLanguage":"en-US","potentialAction":[{"@type":"ReadAction","target":["https:\/\/www.clinicaclaros.com\/project\/entrevista-al-dr-andres-claros-a-radio-vilassar-el-passat-28-de-novembre-de-2024\/"]}]},{"@type":"ImageObject","inLanguage":"en-US","@id":"https:\/\/www.clinicaclaros.com\/project\/entrevista-al-dr-andres-claros-a-radio-vilassar-el-passat-28-de-novembre-de-2024\/#primaryimage","url":"https:\/\/www.clinicaclaros.com\/wp-content\/uploads\/2024\/12\/WhatsApp-Image-2024-11-21-at-15.02.292.jpeg","contentUrl":"https:\/\/www.clinicaclaros.com\/wp-content\/uploads\/2024\/12\/WhatsApp-Image-2024-11-21-at-15.02.292.jpeg","width":517,"height":548},{"@type":"BreadcrumbList","@id":"https:\/\/www.clinicaclaros.com\/project\/entrevista-al-dr-andres-claros-a-radio-vilassar-el-passat-28-de-novembre-de-2024\/#breadcrumb","itemListElement":[{"@type":"ListItem","position":1,"name":"Portada","item":"https:\/\/www.clinicaclaros.com\/"},{"@type":"ListItem","position":2,"name":"Portafolio","item":"https:\/\/www.clinicaclaros.com\/project\/"},{"@type":"ListItem","position":3,"name":"Entrevista al Dr. Andr\u00e9s Clar\u00f3s a Radio Vilassar el passat 28 de novembre de 2024"}]},{"@type":"WebSite","@id":"https:\/\/www.clinicaclaros.com\/#website","url":"https:\/\/www.clinicaclaros.com\/","name":"Cl\u00ed\u00adnica Clar\u00f3s","description":"Otorrinolaringolog\u00eda y Cirug\u00eda Pl\u00e1stica Facial","publisher":{"@id":"https:\/\/www.clinicaclaros.com\/#organization"},"potentialAction":[{"@type":"SearchAction","target":{"@type":"EntryPoint","urlTemplate":"https:\/\/www.clinicaclaros.com\/?s={search_term_string}"},"query-input":{"@type":"PropertyValueSpecification","valueRequired":true,"valueName":"search_term_string"}}],"inLanguage":"en-US"},{"@type":"Organization","@id":"https:\/\/www.clinicaclaros.com\/#organization","name":"Cl\u00ednica Clar\u00f3s","url":"https:\/\/www.clinicaclaros.com\/","logo":{"@type":"ImageObject","inLanguage":"en-US","@id":"https:\/\/www.clinicaclaros.com\/#\/schema\/logo\/image\/","url":"https:\/\/www.clinicaclaros.com\/wp-content\/uploads\/2015\/06\/logoalargadocabecera.jpg","contentUrl":"https:\/\/www.clinicaclaros.com\/wp-content\/uploads\/2015\/06\/logoalargadocabecera.jpg","width":200,"height":60,"caption":"Cl\u00ednica Clar\u00f3s"},"image":{"@id":"https:\/\/www.clinicaclaros.com\/#\/schema\/logo\/image\/"},"sameAs":["https:\/\/www.facebook.com\/clinicaclaros","https:\/\/x.com\/ClinicaClaros","https:\/\/www.linkedin.com\/company\/cl\u00ednica-clar\u00f3s","https:\/\/www.youtube.com\/user\/FundacioClaros"]}]}},"_links":{"self":[{"href":"https:\/\/www.clinicaclaros.com\/en\/wp-json\/wp\/v2\/dt_portfolio\/79003","targetHints":{"allow":["GET"]}}],"collection":[{"href":"https:\/\/www.clinicaclaros.com\/en\/wp-json\/wp\/v2\/dt_portfolio"}],"about":[{"href":"https:\/\/www.clinicaclaros.com\/en\/wp-json\/wp\/v2\/types\/dt_portfolio"}],"author":[{"embeddable":true,"href":"https:\/\/www.clinicaclaros.com\/en\/wp-json\/wp\/v2\/users\/1"}],"replies":[{"embeddable":true,"href":"https:\/\/www.clinicaclaros.com\/en\/wp-json\/wp\/v2\/comments?post=79003"}],"version-history":[{"count":0,"href":"https:\/\/www.clinicaclaros.com\/en\/wp-json\/wp\/v2\/dt_portfolio\/79003\/revisions"}],"wp:featuredmedia":[{"embeddable":true,"href":"https:\/\/www.clinicaclaros.com\/en\/wp-json\/wp\/v2\/media\/79032"}],"wp:attachment":[{"href":"https:\/\/www.clinicaclaros.com\/en\/wp-json\/wp\/v2\/media?parent=79003"}],"wp:term":[{"taxonomy":"dt_portfolio_category","embeddable":true,"href":"https:\/\/www.clinicaclaros.com\/en\/wp-json\/wp\/v2\/dt_portfolio_category?post=79003"},{"taxonomy":"dt_portfolio_tags","embeddable":true,"href":"https:\/\/www.clinicaclaros.com\/en\/wp-json\/wp\/v2\/dt_portfolio_tags?post=79003"}],"curies":[{"name":"wp","href":"https:\/\/api.w.org\/{rel}","templated":true}]}}

(Español) Entrevista al Dr. Andrés Clarós a Radio Vilassar el passat 28 de novembre de 2024

<p class="qtranxs-available-languages-message qtranxs-available-languages-message-en">Sorry, this entry is only available in <a href="https://www.clinicaclaros.com/es/wp-json/wp/v2/dt_portfolio/79003" class="qtranxs-available-language-link qtranxs-available-language-link-es" title="Español">Español</a>.</p>

<p>Sorry, this entry is only available in Español.</p>

<!-- This site is optimized with the Yoast SEO plugin v27.4 - https://yoast.com/product/yoast-seo-wordpress/ -->
<title></title>
<meta name="robots" content="noindex, follow" />
<meta property="og:locale" content="en_US" />
<meta property="og:type" content="article" />
<meta property="og:title" content="[:es]Entrevista al Dr. Andrés Clarós a Radio Vilassar el passat 28 de novembre de 2024[:] - Clí­nica Clarós" />
<meta property="og:description" content="Sorry, this entry is only available in Español." />
<meta property="og:url" content="https://www.clinicaclaros.com/project/entrevista-al-dr-andres-claros-a-radio-vilassar-el-passat-28-de-novembre-de-2024/" />
<meta property="og:site_name" content="Clí­nica Clarós" />
<meta property="article:publisher" content="https://www.facebook.com/clinicaclaros" />
<meta property="og:image" content="https://www.clinicaclaros.com/wp-content/uploads/2024/12/WhatsApp-Image-2024-11-21-at-15.02.292.jpeg" />
	<meta property="og:image:width" content="517" />
	<meta property="og:image:height" content="548" />
	<meta property="og:image:type" content="image/jpeg" />
<meta name="twitter:card" content="summary_large_image" />
<meta name="twitter:site" content="@ClinicaClaros" />
<meta name="twitter:label1" content="Est. reading time" />
	<meta name="twitter:data1" content="1 minute" />
<script type="application/ld+json" class="yoast-schema-graph">{"@context":"https:\/\/schema.org","@graph":[{"@type":"WebPage","@id":"https:\/\/www.clinicaclaros.com\/project\/entrevista-al-dr-andres-claros-a-radio-vilassar-el-passat-28-de-novembre-de-2024\/","url":"https:\/\/www.clinicaclaros.com\/project\/entrevista-al-dr-andres-claros-a-radio-vilassar-el-passat-28-de-novembre-de-2024\/","name":"[:es]Entrevista al Dr. Andrés Clarós a Radio Vilassar el passat 28 de novembre de 2024[:] - Clí­nica Clarós","isPartOf":{"@id":"https:\/\/www.clinicaclaros.com\/#website"},"primaryImageOfPage":{"@id":"https:\/\/www.clinicaclaros.com\/project\/entrevista-al-dr-andres-claros-a-radio-vilassar-el-passat-28-de-novembre-de-2024\/#primaryimage"},"image":{"@id":"https:\/\/www.clinicaclaros.com\/project\/entrevista-al-dr-andres-claros-a-radio-vilassar-el-passat-28-de-novembre-de-2024\/#primaryimage"},"thumbnailUrl":"https:\/\/www.clinicaclaros.com\/wp-content\/uploads\/2024\/12\/WhatsApp-Image-2024-11-21-at-15.02.292.jpeg","datePublished":"2024-12-04T11:46:58+00:00","breadcrumb":{"@id":"https:\/\/www.clinicaclaros.com\/project\/entrevista-al-dr-andres-claros-a-radio-vilassar-el-passat-28-de-novembre-de-2024\/#breadcrumb"},"inLanguage":"en-US","potentialAction":[{"@type":"ReadAction","target":["https:\/\/www.clinicaclaros.com\/project\/entrevista-al-dr-andres-claros-a-radio-vilassar-el-passat-28-de-novembre-de-2024\/"]}]},{"@type":"ImageObject","inLanguage":"en-US","@id":"https:\/\/www.clinicaclaros.com\/project\/entrevista-al-dr-andres-claros-a-radio-vilassar-el-passat-28-de-novembre-de-2024\/#primaryimage","url":"https:\/\/www.clinicaclaros.com\/wp-content\/uploads\/2024\/12\/WhatsApp-Image-2024-11-21-at-15.02.292.jpeg","contentUrl":"https:\/\/www.clinicaclaros.com\/wp-content\/uploads\/2024\/12\/WhatsApp-Image-2024-11-21-at-15.02.292.jpeg","width":517,"height":548},{"@type":"BreadcrumbList","@id":"https:\/\/www.clinicaclaros.com\/project\/entrevista-al-dr-andres-claros-a-radio-vilassar-el-passat-28-de-novembre-de-2024\/#breadcrumb","itemListElement":[{"@type":"ListItem","position":1,"name":"Portada","item":"https:\/\/www.clinicaclaros.com\/"},{"@type":"ListItem","position":2,"name":"Portafolio","item":"https:\/\/www.clinicaclaros.com\/project\/"},{"@type":"ListItem","position":3,"name":"Entrevista al Dr. Andrés Clarós a Radio Vilassar el passat 28 de novembre de 2024"}]},{"@type":"WebSite","@id":"https:\/\/www.clinicaclaros.com\/#website","url":"https:\/\/www.clinicaclaros.com\/","name":"Clí­nica Clarós","description":"Otorrinolaringología y Cirugía Plástica Facial","publisher":{"@id":"https:\/\/www.clinicaclaros.com\/#organization"},"potentialAction":[{"@type":"SearchAction","target":{"@type":"EntryPoint","urlTemplate":"https:\/\/www.clinicaclaros.com\/?s={search_term_string}"},"query-input":{"@type":"PropertyValueSpecification","valueRequired":true,"valueName":"search_term_string"}}],"inLanguage":"en-US"},{"@type":"Organization","@id":"https:\/\/www.clinicaclaros.com\/#organization","name":"Clínica Clarós","url":"https:\/\/www.clinicaclaros.com\/","logo":{"@type":"ImageObject","inLanguage":"en-US","@id":"https:\/\/www.clinicaclaros.com\/#\/schema\/logo\/image\/","url":"https:\/\/www.clinicaclaros.com\/wp-content\/uploads\/2015\/06\/logoalargadocabecera.jpg","contentUrl":"https:\/\/www.clinicaclaros.com\/wp-content\/uploads\/2015\/06\/logoalargadocabecera.jpg","width":200,"height":60,"caption":"Clínica Clarós"},"image":{"@id":"https:\/\/www.clinicaclaros.com\/#\/schema\/logo\/image\/"},"sameAs":["https:\/\/www.facebook.com\/clinicaclaros","https:\/\/x.com\/ClinicaClaros","https:\/\/www.linkedin.com\/company\/clínica-clarós","https:\/\/www.youtube.com\/user\/FundacioClaros"]}]}</script>
<!-- / Yoast SEO plugin. -->

[:es]Entrevista al Dr. Andrés Clarós a Radio Vilassar el passat 28 de novembre de 2024[:] - Clí­nica Clarós

Sorry, this entry is only available in Español.

Clí­nica Clarós

Entrevista al Dr. Andrés Clarós a Radio Vilassar el passat 28 de novembre de 2024

Otorrinolaringología y Cirugía Plástica Facial

Clínica Clarós

https://www.linkedin.com/company/clínica-clarós
