{"id":66744,"date":"2022-05-31T10:08:32","date_gmt":"2022-05-31T10:08:32","guid":{"rendered":"https:\/\/www.clinicaclaros.com\/wp-content\/uploads\/2022\/05\/PALMARES-MERITO-HUMANITARIO-GRANDES-023.jpg"},"modified":"2022-05-31T10:08:32","modified_gmt":"2022-05-31T10:08:32","slug":"palmares-merito-humanitario-grandes-023","status":"inherit","type":"attachment","link":"https:\/\/www.clinicaclaros.com\/ar\/project\/cena-de-gala-palmares-2022-institucion-del-merito-humanitario\/palmares-merito-humanitario-grandes-023\/","title":{"rendered":"PALMARES M\u00c9RITO HUMANITARIO-GRANDES-023"},"author":1,"featured_media":0,"comment_status":"closed","ping_status":"closed","template":"","meta":{"_monsterinsights_skip_tracking":false,"_monsterinsights_sitenote_active":false,"_monsterinsights_sitenote_note":"","_monsterinsights_sitenote_category":0},"class_list":["post-66744","attachment","type-attachment","status-inherit","hentry","description-off"],"yoast_head":"<!-- This site is optimized with the Yoast SEO plugin v27.4 - https:\/\/yoast.com\/product\/yoast-seo-wordpress\/ -->\n<title>PALMARES M\u00c9RITO HUMANITARIO-GRANDES-023 - Cl\u00ed\u00adnica Clar\u00f3s<\/title>\n<meta name=\"robots\" content=\"noindex, follow\" \/>\n<meta property=\"og:locale\" content=\"ar_AR\" \/>\n<meta property=\"og:type\" content=\"article\" \/>\n<meta property=\"og:title\" content=\"PALMARES M\u00c9RITO HUMANITARIO-GRANDES-023 - Cl\u00ed\u00adnica Clar\u00f3s\" \/>\n<meta property=\"og:url\" content=\"https:\/\/www.clinicaclaros.com\/wp-content\/uploads\/2022\/05\/PALMARES-MERITO-HUMANITARIO-GRANDES-023.jpg\" \/>\n<meta property=\"og:site_name\" content=\"Cl\u00ed\u00adnica Clar\u00f3s\" \/>\n<meta property=\"article:publisher\" content=\"https:\/\/www.facebook.com\/clinicaclaros\" \/>\n<meta property=\"og:image\" content=\"https:\/\/www.clinicaclaros.com\/wp-content\/uploads\/2022\/05\/PALMARES-MERITO-HUMANITARIO-GRANDES-023.jpg\" \/>\n\t<meta property=\"og:image:width\" content=\"1920\" \/>\n\t<meta property=\"og:image:height\" content=\"1281\" \/>\n\t<meta property=\"og:image:type\" content=\"image\/jpeg\" \/>\n<meta name=\"twitter:card\" content=\"summary_large_image\" \/>\n<meta name=\"twitter:site\" content=\"@ClinicaClaros\" \/>\n<script type=\"application\/ld+json\" class=\"yoast-schema-graph\">{\"@context\":\"https:\\\/\\\/schema.org\",\"@graph\":[{\"@type\":\"WebPage\",\"@id\":\"https:\\\/\\\/www.clinicaclaros.com\\\/wp-content\\\/uploads\\\/2022\\\/05\\\/PALMARES-MERITO-HUMANITARIO-GRANDES-023.jpg\",\"url\":\"https:\\\/\\\/www.clinicaclaros.com\\\/wp-content\\\/uploads\\\/2022\\\/05\\\/PALMARES-MERITO-HUMANITARIO-GRANDES-023.jpg\",\"name\":\"PALMARES M\u00c9RITO HUMANITARIO-GRANDES-023 - Cl\u00ed\u00adnica Clar\u00f3s\",\"isPartOf\":{\"@id\":\"https:\\\/\\\/www.clinicaclaros.com\\\/#website\"},\"datePublished\":\"2022-05-31T10:08:32+00:00\",\"breadcrumb\":{\"@id\":\"https:\\\/\\\/www.clinicaclaros.com\\\/wp-content\\\/uploads\\\/2022\\\/05\\\/PALMARES-MERITO-HUMANITARIO-GRANDES-023.jpg#breadcrumb\"},\"inLanguage\":\"ar\",\"potentialAction\":[{\"@type\":\"ReadAction\",\"target\":[\"https:\\\/\\\/www.clinicaclaros.com\\\/wp-content\\\/uploads\\\/2022\\\/05\\\/PALMARES-MERITO-HUMANITARIO-GRANDES-023.jpg\"]}]},{\"@type\":\"BreadcrumbList\",\"@id\":\"https:\\\/\\\/www.clinicaclaros.com\\\/wp-content\\\/uploads\\\/2022\\\/05\\\/PALMARES-MERITO-HUMANITARIO-GRANDES-023.jpg#breadcrumb\",\"itemListElement\":[{\"@type\":\"ListItem\",\"position\":1,\"name\":\"Portada\",\"item\":\"https:\\\/\\\/www.clinicaclaros.com\\\/\"},{\"@type\":\"ListItem\",\"position\":2,\"name\":\"Cena de Gala Palmar\u00e9s 2022 Instituci\u00f3n del M\u00e9rito Humanitario.\",\"item\":\"https:\\\/\\\/www.clinicaclaros.com\\\/project\\\/cena-de-gala-palmares-2022-institucion-del-merito-humanitario\\\/\"},{\"@type\":\"ListItem\",\"position\":3,\"name\":\"PALMARES M\u00c9RITO HUMANITARIO-GRANDES-023\"}]},{\"@type\":\"WebSite\",\"@id\":\"https:\\\/\\\/www.clinicaclaros.com\\\/#website\",\"url\":\"https:\\\/\\\/www.clinicaclaros.com\\\/\",\"name\":\"Cl\u00ed\u00adnica Clar\u00f3s\",\"description\":\"Otorrinolaringolog\u00eda y Cirug\u00eda Pl\u00e1stica Facial\",\"publisher\":{\"@id\":\"https:\\\/\\\/www.clinicaclaros.com\\\/#organization\"},\"potentialAction\":[{\"@type\":\"SearchAction\",\"target\":{\"@type\":\"EntryPoint\",\"urlTemplate\":\"https:\\\/\\\/www.clinicaclaros.com\\\/?s={search_term_string}\"},\"query-input\":{\"@type\":\"PropertyValueSpecification\",\"valueRequired\":true,\"valueName\":\"search_term_string\"}}],\"inLanguage\":\"ar\"},{\"@type\":\"Organization\",\"@id\":\"https:\\\/\\\/www.clinicaclaros.com\\\/#organization\",\"name\":\"Cl\u00ednica Clar\u00f3s\",\"url\":\"https:\\\/\\\/www.clinicaclaros.com\\\/\",\"logo\":{\"@type\":\"ImageObject\",\"inLanguage\":\"ar\",\"@id\":\"https:\\\/\\\/www.clinicaclaros.com\\\/#\\\/schema\\\/logo\\\/image\\\/\",\"url\":\"https:\\\/\\\/www.clinicaclaros.com\\\/wp-content\\\/uploads\\\/2015\\\/06\\\/logoalargadocabecera.jpg\",\"contentUrl\":\"https:\\\/\\\/www.clinicaclaros.com\\\/wp-content\\\/uploads\\\/2015\\\/06\\\/logoalargadocabecera.jpg\",\"width\":200,\"height\":60,\"caption\":\"Cl\u00ednica Clar\u00f3s\"},\"image\":{\"@id\":\"https:\\\/\\\/www.clinicaclaros.com\\\/#\\\/schema\\\/logo\\\/image\\\/\"},\"sameAs\":[\"https:\\\/\\\/www.facebook.com\\\/clinicaclaros\",\"https:\\\/\\\/x.com\\\/ClinicaClaros\",\"https:\\\/\\\/www.linkedin.com\\\/company\\\/cl\u00ednica-clar\u00f3s\",\"https:\\\/\\\/www.youtube.com\\\/user\\\/FundacioClaros\"]}]}<\/script>\n<!-- \/ Yoast SEO plugin. -->","yoast_head_json":{"title":"PALMARES M\u00c9RITO HUMANITARIO-GRANDES-023 - Cl\u00ed\u00adnica Clar\u00f3s","robots":{"index":"noindex","follow":"follow"},"og_locale":"ar_AR","og_type":"article","og_title":"PALMARES M\u00c9RITO HUMANITARIO-GRANDES-023 - Cl\u00ed\u00adnica Clar\u00f3s","og_url":"https:\/\/www.clinicaclaros.com\/wp-content\/uploads\/2022\/05\/PALMARES-MERITO-HUMANITARIO-GRANDES-023.jpg","og_site_name":"Cl\u00ed\u00adnica Clar\u00f3s","article_publisher":"https:\/\/www.facebook.com\/clinicaclaros","og_image":[{"width":1920,"height":1281,"url":"https:\/\/www.clinicaclaros.com\/wp-content\/uploads\/2022\/05\/PALMARES-MERITO-HUMANITARIO-GRANDES-023.jpg","type":"image\/jpeg"}],"twitter_card":"summary_large_image","twitter_site":"@ClinicaClaros","schema":{"@context":"https:\/\/schema.org","@graph":[{"@type":"WebPage","@id":"https:\/\/www.clinicaclaros.com\/wp-content\/uploads\/2022\/05\/PALMARES-MERITO-HUMANITARIO-GRANDES-023.jpg","url":"https:\/\/www.clinicaclaros.com\/wp-content\/uploads\/2022\/05\/PALMARES-MERITO-HUMANITARIO-GRANDES-023.jpg","name":"PALMARES M\u00c9RITO HUMANITARIO-GRANDES-023 - Cl\u00ed\u00adnica Clar\u00f3s","isPartOf":{"@id":"https:\/\/www.clinicaclaros.com\/#website"},"datePublished":"2022-05-31T10:08:32+00:00","breadcrumb":{"@id":"https:\/\/www.clinicaclaros.com\/wp-content\/uploads\/2022\/05\/PALMARES-MERITO-HUMANITARIO-GRANDES-023.jpg#breadcrumb"},"inLanguage":"ar","potentialAction":[{"@type":"ReadAction","target":["https:\/\/www.clinicaclaros.com\/wp-content\/uploads\/2022\/05\/PALMARES-MERITO-HUMANITARIO-GRANDES-023.jpg"]}]},{"@type":"BreadcrumbList","@id":"https:\/\/www.clinicaclaros.com\/wp-content\/uploads\/2022\/05\/PALMARES-MERITO-HUMANITARIO-GRANDES-023.jpg#breadcrumb","itemListElement":[{"@type":"ListItem","position":1,"name":"Portada","item":"https:\/\/www.clinicaclaros.com\/"},{"@type":"ListItem","position":2,"name":"Cena de Gala Palmar\u00e9s 2022 Instituci\u00f3n del M\u00e9rito Humanitario.","item":"https:\/\/www.clinicaclaros.com\/project\/cena-de-gala-palmares-2022-institucion-del-merito-humanitario\/"},{"@type":"ListItem","position":3,"name":"PALMARES M\u00c9RITO HUMANITARIO-GRANDES-023"}]},{"@type":"WebSite","@id":"https:\/\/www.clinicaclaros.com\/#website","url":"https:\/\/www.clinicaclaros.com\/","name":"Cl\u00ed\u00adnica Clar\u00f3s","description":"Otorrinolaringolog\u00eda y Cirug\u00eda Pl\u00e1stica Facial","publisher":{"@id":"https:\/\/www.clinicaclaros.com\/#organization"},"potentialAction":[{"@type":"SearchAction","target":{"@type":"EntryPoint","urlTemplate":"https:\/\/www.clinicaclaros.com\/?s={search_term_string}"},"query-input":{"@type":"PropertyValueSpecification","valueRequired":true,"valueName":"search_term_string"}}],"inLanguage":"ar"},{"@type":"Organization","@id":"https:\/\/www.clinicaclaros.com\/#organization","name":"Cl\u00ednica Clar\u00f3s","url":"https:\/\/www.clinicaclaros.com\/","logo":{"@type":"ImageObject","inLanguage":"ar","@id":"https:\/\/www.clinicaclaros.com\/#\/schema\/logo\/image\/","url":"https:\/\/www.clinicaclaros.com\/wp-content\/uploads\/2015\/06\/logoalargadocabecera.jpg","contentUrl":"https:\/\/www.clinicaclaros.com\/wp-content\/uploads\/2015\/06\/logoalargadocabecera.jpg","width":200,"height":60,"caption":"Cl\u00ednica Clar\u00f3s"},"image":{"@id":"https:\/\/www.clinicaclaros.com\/#\/schema\/logo\/image\/"},"sameAs":["https:\/\/www.facebook.com\/clinicaclaros","https:\/\/x.com\/ClinicaClaros","https:\/\/www.linkedin.com\/company\/cl\u00ednica-clar\u00f3s","https:\/\/www.youtube.com\/user\/FundacioClaros"]}]}},"description":{"rendered":"<p class=\"attachment\"><a href='https:\/\/www.clinicaclaros.com\/wp-content\/uploads\/2022\/05\/PALMARES-MERITO-HUMANITARIO-GRANDES-023.jpg'><img loading=\"lazy\" decoding=\"async\" width=\"300\" height=\"200\" src=\"https:\/\/www.clinicaclaros.com\/wp-content\/uploads\/2022\/05\/PALMARES-MERITO-HUMANITARIO-GRANDES-023-300x200.jpg\" class=\"attachment-medium size-medium\" alt=\"\" srcset=\"https:\/\/www.clinicaclaros.com\/wp-content\/uploads\/2022\/05\/PALMARES-MERITO-HUMANITARIO-GRANDES-023-300x200.jpg 300w, https:\/\/www.clinicaclaros.com\/wp-content\/uploads\/2022\/05\/PALMARES-MERITO-HUMANITARIO-GRANDES-023-1024x683.jpg 1024w, https:\/\/www.clinicaclaros.com\/wp-content\/uploads\/2022\/05\/PALMARES-MERITO-HUMANITARIO-GRANDES-023-768x512.jpg 768w, https:\/\/www.clinicaclaros.com\/wp-content\/uploads\/2022\/05\/PALMARES-MERITO-HUMANITARIO-GRANDES-023-1536x1025.jpg 1536w, https:\/\/www.clinicaclaros.com\/wp-content\/uploads\/2022\/05\/PALMARES-MERITO-HUMANITARIO-GRANDES-023.jpg 1920w\" sizes=\"auto, (max-width: 300px) 100vw, 300px\" \/><\/a><\/p>\n"},"caption":{"rendered":""},"alt_text":"","media_type":"image","mime_type":"image\/jpeg","media_details":{"width":1920,"height":1281,"file":"2022\/05\/PALMARES-MERITO-HUMANITARIO-GRANDES-023.jpg","filesize":203149,"sizes":{"medium":{"file":"PALMARES-MERITO-HUMANITARIO-GRANDES-023-300x200.jpg","width":300,"height":200,"filesize":35204,"mime_type":"image\/jpeg","source_url":"https:\/\/www.clinicaclaros.com\/wp-content\/uploads\/2022\/05\/PALMARES-MERITO-HUMANITARIO-GRANDES-023-300x200.jpg"},"large":{"file":"PALMARES-MERITO-HUMANITARIO-GRANDES-023-1024x683.jpg","width":1024,"height":683,"filesize":128432,"mime_type":"image\/jpeg","source_url":"https:\/\/www.clinicaclaros.com\/wp-content\/uploads\/2022\/05\/PALMARES-MERITO-HUMANITARIO-GRANDES-023-1024x683.jpg"},"thumbnail":{"file":"PALMARES-MERITO-HUMANITARIO-GRANDES-023-150x150.jpg","width":150,"height":150,"filesize":26423,"mime_type":"image\/jpeg","source_url":"https:\/\/www.clinicaclaros.com\/wp-content\/uploads\/2022\/05\/PALMARES-MERITO-HUMANITARIO-GRANDES-023-150x150.jpg"},"medium_large":{"file":"PALMARES-MERITO-HUMANITARIO-GRANDES-023-768x512.jpg","width":768,"height":512,"filesize":88036,"mime_type":"image\/jpeg","source_url":"https:\/\/www.clinicaclaros.com\/wp-content\/uploads\/2022\/05\/PALMARES-MERITO-HUMANITARIO-GRANDES-023-768x512.jpg"},"1536x1536":{"file":"PALMARES-MERITO-HUMANITARIO-GRANDES-023-1536x1025.jpg","width":1536,"height":1025,"filesize":228188,"mime_type":"image\/jpeg","source_url":"https:\/\/www.clinicaclaros.com\/wp-content\/uploads\/2022\/05\/PALMARES-MERITO-HUMANITARIO-GRANDES-023-1536x1025.jpg"},"full":{"file":"PALMARES-MERITO-HUMANITARIO-GRANDES-023.jpg","width":1920,"height":1281,"mime_type":"image\/jpeg","source_url":"https:\/\/www.clinicaclaros.com\/wp-content\/uploads\/2022\/05\/PALMARES-MERITO-HUMANITARIO-GRANDES-023.jpg"}},"image_meta":{"aperture":"4","credit":"Gonzalo Sanguinetti","camera":"NIKON D750","caption":"","created_timestamp":"1653858939","copyright":"Gonzalo Sanguinetti","focal_length":"35","iso":"1000","shutter_speed":"0.0125","title":"","orientation":"0","keywords":[]}},"post":66737,"source_url":"https:\/\/www.clinicaclaros.com\/wp-content\/uploads\/2022\/05\/PALMARES-MERITO-HUMANITARIO-GRANDES-023.jpg","_links":{"self":[{"href":"https:\/\/www.clinicaclaros.com\/ar\/wp-json\/wp\/v2\/media\/66744","targetHints":{"allow":["GET"]}}],"collection":[{"href":"https:\/\/www.clinicaclaros.com\/ar\/wp-json\/wp\/v2\/media"}],"about":[{"href":"https:\/\/www.clinicaclaros.com\/ar\/wp-json\/wp\/v2\/types\/attachment"}],"author":[{"embeddable":true,"href":"https:\/\/www.clinicaclaros.com\/ar\/wp-json\/wp\/v2\/users\/1"}],"replies":[{"embeddable":true,"href":"https:\/\/www.clinicaclaros.com\/ar\/wp-json\/wp\/v2\/comments?post=66744"}]}}

PALMARES MÉRITO HUMANITARIO-GRANDES-023

<!-- This site is optimized with the Yoast SEO plugin v27.4 - https://yoast.com/product/yoast-seo-wordpress/ -->
<title>PALMARES MÉRITO HUMANITARIO-GRANDES-023 - Clí­nica Clarós</title>
<meta name="robots" content="noindex, follow" />
<meta property="og:locale" content="ar_AR" />
<meta property="og:type" content="article" />
<meta property="og:title" content="PALMARES MÉRITO HUMANITARIO-GRANDES-023 - Clí­nica Clarós" />
<meta property="og:url" content="https://www.clinicaclaros.com/wp-content/uploads/2022/05/PALMARES-MERITO-HUMANITARIO-GRANDES-023.jpg" />
<meta property="og:site_name" content="Clí­nica Clarós" />
<meta property="article:publisher" content="https://www.facebook.com/clinicaclaros" />
<meta property="og:image" content="https://www.clinicaclaros.com/wp-content/uploads/2022/05/PALMARES-MERITO-HUMANITARIO-GRANDES-023.jpg" />
	<meta property="og:image:width" content="1920" />
	<meta property="og:image:height" content="1281" />
	<meta property="og:image:type" content="image/jpeg" />
<meta name="twitter:card" content="summary_large_image" />
<meta name="twitter:site" content="@ClinicaClaros" />
<script type="application/ld+json" class="yoast-schema-graph">{"@context":"https:\/\/schema.org","@graph":[{"@type":"WebPage","@id":"https:\/\/www.clinicaclaros.com\/wp-content\/uploads\/2022\/05\/PALMARES-MERITO-HUMANITARIO-GRANDES-023.jpg","url":"https:\/\/www.clinicaclaros.com\/wp-content\/uploads\/2022\/05\/PALMARES-MERITO-HUMANITARIO-GRANDES-023.jpg","name":"PALMARES MÉRITO HUMANITARIO-GRANDES-023 - Clí­nica Clarós","isPartOf":{"@id":"https:\/\/www.clinicaclaros.com\/#website"},"datePublished":"2022-05-31T10:08:32+00:00","breadcrumb":{"@id":"https:\/\/www.clinicaclaros.com\/wp-content\/uploads\/2022\/05\/PALMARES-MERITO-HUMANITARIO-GRANDES-023.jpg#breadcrumb"},"inLanguage":"ar","potentialAction":[{"@type":"ReadAction","target":["https:\/\/www.clinicaclaros.com\/wp-content\/uploads\/2022\/05\/PALMARES-MERITO-HUMANITARIO-GRANDES-023.jpg"]}]},{"@type":"BreadcrumbList","@id":"https:\/\/www.clinicaclaros.com\/wp-content\/uploads\/2022\/05\/PALMARES-MERITO-HUMANITARIO-GRANDES-023.jpg#breadcrumb","itemListElement":[{"@type":"ListItem","position":1,"name":"Portada","item":"https:\/\/www.clinicaclaros.com\/"},{"@type":"ListItem","position":2,"name":"Cena de Gala Palmarés 2022 Institución del Mérito Humanitario.","item":"https:\/\/www.clinicaclaros.com\/project\/cena-de-gala-palmares-2022-institucion-del-merito-humanitario\/"},{"@type":"ListItem","position":3,"name":"PALMARES MÉRITO HUMANITARIO-GRANDES-023"}]},{"@type":"WebSite","@id":"https:\/\/www.clinicaclaros.com\/#website","url":"https:\/\/www.clinicaclaros.com\/","name":"Clí­nica Clarós","description":"Otorrinolaringología y Cirugía Plástica Facial","publisher":{"@id":"https:\/\/www.clinicaclaros.com\/#organization"},"potentialAction":[{"@type":"SearchAction","target":{"@type":"EntryPoint","urlTemplate":"https:\/\/www.clinicaclaros.com\/?s={search_term_string}"},"query-input":{"@type":"PropertyValueSpecification","valueRequired":true,"valueName":"search_term_string"}}],"inLanguage":"ar"},{"@type":"Organization","@id":"https:\/\/www.clinicaclaros.com\/#organization","name":"Clínica Clarós","url":"https:\/\/www.clinicaclaros.com\/","logo":{"@type":"ImageObject","inLanguage":"ar","@id":"https:\/\/www.clinicaclaros.com\/#\/schema\/logo\/image\/","url":"https:\/\/www.clinicaclaros.com\/wp-content\/uploads\/2015\/06\/logoalargadocabecera.jpg","contentUrl":"https:\/\/www.clinicaclaros.com\/wp-content\/uploads\/2015\/06\/logoalargadocabecera.jpg","width":200,"height":60,"caption":"Clínica Clarós"},"image":{"@id":"https:\/\/www.clinicaclaros.com\/#\/schema\/logo\/image\/"},"sameAs":["https:\/\/www.facebook.com\/clinicaclaros","https:\/\/x.com\/ClinicaClaros","https:\/\/www.linkedin.com\/company\/clínica-clarós","https:\/\/www.youtube.com\/user\/FundacioClaros"]}]}</script>
<!-- / Yoast SEO plugin. -->

PALMARES MÉRITO HUMANITARIO-GRANDES-023 - Clí­nica Clarós

Clí­nica Clarós

Cena de Gala Palmarés 2022 Institución del Mérito Humanitario.

Otorrinolaringología y Cirugía Plástica Facial

Clínica Clarós

https://www.linkedin.com/company/clínica-clarós
