{"id":65794,"date":"2022-04-28T11:06:20","date_gmt":"2022-04-28T11:06:20","guid":{"rendered":"https:\/\/www.clinicaclaros.com\/?post_type=dt_portfolio&#038;p=65794"},"modified":"2022-04-28T11:06:46","modified_gmt":"2022-04-28T11:06:46","slug":"discurso-del-dr-pedro-claros-en-la-ramz","status":"publish","type":"dt_portfolio","link":"https:\/\/www.clinicaclaros.com\/ar\/project\/discurso-del-dr-pedro-claros-en-la-ramz\/","title":{"rendered":"(Espa\u00f1ol) Discurso del Dr. Pedro Clar\u00f3s en la RAMZ."},"content":{"rendered":"<p class=\"qtranxs-available-languages-message qtranxs-available-languages-message-ar\">\u0639\u0641\u0648\u0627\u060c \u0647\u0630\u0647 \u0627\u0644\u0645\u062f\u062e\u0644\u0629 \u0645\u0648\u062c\u0648\u062f\u0629 \u0641\u0642\u0637 \u0641\u064a <a href=\"https:\/\/www.clinicaclaros.com\/es\/wp-json\/wp\/v2\/dt_portfolio\/65794\" class=\"qtranxs-available-language-link qtranxs-available-language-link-es\" title=\"Espa\u00f1ol\">Espa\u00f1ol<\/a>.<\/p>","protected":false},"excerpt":{"rendered":"<p>\u0639\u0641\u0648\u0627\u060c \u0647\u0630\u0647 \u0627\u0644\u0645\u062f\u062e\u0644\u0629 \u0645\u0648\u062c\u0648\u062f\u0629 \u0641\u0642\u0637 \u0641\u064a Espa\u00f1ol.<\/p>\n","protected":false},"author":1,"featured_media":37237,"comment_status":"closed","ping_status":"closed","template":"","dt_portfolio_category":[73],"dt_portfolio_tags":[],"class_list":["post-65794","dt_portfolio","type-dt_portfolio","status-publish","has-post-thumbnail","hentry","dt_portfolio_category-noticias","dt_portfolio_category-73","description-off"],"yoast_head":"<!-- This site is optimized with the Yoast SEO plugin v27.4 - https:\/\/yoast.com\/product\/yoast-seo-wordpress\/ -->\n<title><\/title>\n<meta name=\"description\" content=\"\u201cEl estado actual y el futuro de la nariz electr\u00f3nica (e-nose). \u201c\" \/>\n<meta name=\"robots\" content=\"noindex, follow\" \/>\n<meta property=\"og:locale\" content=\"ar_AR\" \/>\n<meta property=\"og:type\" content=\"article\" \/>\n<meta property=\"og:title\" content=\"[:es]Discurso del Dr. Pedro Clar\u00f3s en la RAMZ.[:] - Cl\u00ed\u00adnica Clar\u00f3s\" \/>\n<meta property=\"og:description\" content=\"\u201cEl estado actual y el futuro de la nariz electr\u00f3nica (e-nose). \u201c\" \/>\n<meta property=\"og:url\" content=\"https:\/\/www.clinicaclaros.com\/project\/discurso-del-dr-pedro-claros-en-la-ramz\/\" \/>\n<meta property=\"og:site_name\" content=\"Cl\u00ed\u00adnica Clar\u00f3s\" \/>\n<meta property=\"article:publisher\" content=\"https:\/\/www.facebook.com\/clinicaclaros\" \/>\n<meta property=\"article:modified_time\" content=\"2022-04-28T11:06:46+00:00\" \/>\n<meta property=\"og:image\" content=\"https:\/\/www.clinicaclaros.com\/wp-content\/uploads\/2019\/01\/5cddba61-301b-4211-b046-69c9ff8983dd.jpg\" \/>\n\t<meta property=\"og:image:width\" content=\"1200\" \/>\n\t<meta property=\"og:image:height\" content=\"1600\" \/>\n\t<meta property=\"og:image:type\" content=\"image\/jpeg\" \/>\n<meta name=\"twitter:card\" content=\"summary_large_image\" \/>\n<meta name=\"twitter:site\" content=\"@ClinicaClaros\" \/>\n<script type=\"application\/ld+json\" class=\"yoast-schema-graph\">{\"@context\":\"https:\\\/\\\/schema.org\",\"@graph\":[{\"@type\":\"WebPage\",\"@id\":\"https:\\\/\\\/www.clinicaclaros.com\\\/project\\\/discurso-del-dr-pedro-claros-en-la-ramz\\\/\",\"url\":\"https:\\\/\\\/www.clinicaclaros.com\\\/project\\\/discurso-del-dr-pedro-claros-en-la-ramz\\\/\",\"name\":\"[:es]Discurso del Dr. Pedro Clar\u00f3s en la RAMZ.[:] - Cl\u00ed\u00adnica Clar\u00f3s\",\"isPartOf\":{\"@id\":\"https:\\\/\\\/www.clinicaclaros.com\\\/#website\"},\"primaryImageOfPage\":{\"@id\":\"https:\\\/\\\/www.clinicaclaros.com\\\/project\\\/discurso-del-dr-pedro-claros-en-la-ramz\\\/#primaryimage\"},\"image\":{\"@id\":\"https:\\\/\\\/www.clinicaclaros.com\\\/project\\\/discurso-del-dr-pedro-claros-en-la-ramz\\\/#primaryimage\"},\"thumbnailUrl\":\"https:\\\/\\\/www.clinicaclaros.com\\\/wp-content\\\/uploads\\\/2019\\\/01\\\/5cddba61-301b-4211-b046-69c9ff8983dd.jpg\",\"datePublished\":\"2022-04-28T11:06:20+00:00\",\"dateModified\":\"2022-04-28T11:06:46+00:00\",\"description\":\"\u201cEl estado actual y el futuro de la nariz electr\u00f3nica (e-nose). \u201c\",\"breadcrumb\":{\"@id\":\"https:\\\/\\\/www.clinicaclaros.com\\\/project\\\/discurso-del-dr-pedro-claros-en-la-ramz\\\/#breadcrumb\"},\"inLanguage\":\"ar\",\"potentialAction\":[{\"@type\":\"ReadAction\",\"target\":[\"https:\\\/\\\/www.clinicaclaros.com\\\/project\\\/discurso-del-dr-pedro-claros-en-la-ramz\\\/\"]}]},{\"@type\":\"ImageObject\",\"inLanguage\":\"ar\",\"@id\":\"https:\\\/\\\/www.clinicaclaros.com\\\/project\\\/discurso-del-dr-pedro-claros-en-la-ramz\\\/#primaryimage\",\"url\":\"https:\\\/\\\/www.clinicaclaros.com\\\/wp-content\\\/uploads\\\/2019\\\/01\\\/5cddba61-301b-4211-b046-69c9ff8983dd.jpg\",\"contentUrl\":\"https:\\\/\\\/www.clinicaclaros.com\\\/wp-content\\\/uploads\\\/2019\\\/01\\\/5cddba61-301b-4211-b046-69c9ff8983dd.jpg\",\"width\":1200,\"height\":1600,\"caption\":\"4\"},{\"@type\":\"BreadcrumbList\",\"@id\":\"https:\\\/\\\/www.clinicaclaros.com\\\/project\\\/discurso-del-dr-pedro-claros-en-la-ramz\\\/#breadcrumb\",\"itemListElement\":[{\"@type\":\"ListItem\",\"position\":1,\"name\":\"Portada\",\"item\":\"https:\\\/\\\/www.clinicaclaros.com\\\/\"},{\"@type\":\"ListItem\",\"position\":2,\"name\":\"Portafolio\",\"item\":\"https:\\\/\\\/www.clinicaclaros.com\\\/project\\\/\"},{\"@type\":\"ListItem\",\"position\":3,\"name\":\"Discurso del Dr. Pedro Clar\u00f3s en la RAMZ.\"}]},{\"@type\":\"WebSite\",\"@id\":\"https:\\\/\\\/www.clinicaclaros.com\\\/#website\",\"url\":\"https:\\\/\\\/www.clinicaclaros.com\\\/\",\"name\":\"Cl\u00ed\u00adnica Clar\u00f3s\",\"description\":\"Otorrinolaringolog\u00eda y Cirug\u00eda Pl\u00e1stica Facial\",\"publisher\":{\"@id\":\"https:\\\/\\\/www.clinicaclaros.com\\\/#organization\"},\"potentialAction\":[{\"@type\":\"SearchAction\",\"target\":{\"@type\":\"EntryPoint\",\"urlTemplate\":\"https:\\\/\\\/www.clinicaclaros.com\\\/?s={search_term_string}\"},\"query-input\":{\"@type\":\"PropertyValueSpecification\",\"valueRequired\":true,\"valueName\":\"search_term_string\"}}],\"inLanguage\":\"ar\"},{\"@type\":\"Organization\",\"@id\":\"https:\\\/\\\/www.clinicaclaros.com\\\/#organization\",\"name\":\"Cl\u00ednica Clar\u00f3s\",\"url\":\"https:\\\/\\\/www.clinicaclaros.com\\\/\",\"logo\":{\"@type\":\"ImageObject\",\"inLanguage\":\"ar\",\"@id\":\"https:\\\/\\\/www.clinicaclaros.com\\\/#\\\/schema\\\/logo\\\/image\\\/\",\"url\":\"https:\\\/\\\/www.clinicaclaros.com\\\/wp-content\\\/uploads\\\/2015\\\/06\\\/logoalargadocabecera.jpg\",\"contentUrl\":\"https:\\\/\\\/www.clinicaclaros.com\\\/wp-content\\\/uploads\\\/2015\\\/06\\\/logoalargadocabecera.jpg\",\"width\":200,\"height\":60,\"caption\":\"Cl\u00ednica Clar\u00f3s\"},\"image\":{\"@id\":\"https:\\\/\\\/www.clinicaclaros.com\\\/#\\\/schema\\\/logo\\\/image\\\/\"},\"sameAs\":[\"https:\\\/\\\/www.facebook.com\\\/clinicaclaros\",\"https:\\\/\\\/x.com\\\/ClinicaClaros\",\"https:\\\/\\\/www.linkedin.com\\\/company\\\/cl\u00ednica-clar\u00f3s\",\"https:\\\/\\\/www.youtube.com\\\/user\\\/FundacioClaros\"]}]}<\/script>\n<!-- \/ Yoast SEO plugin. -->","yoast_head_json":{"title":"[:es]Discurso del Dr. Pedro Clar\u00f3s en la RAMZ.[:] - Cl\u00ed\u00adnica Clar\u00f3s","description":"\u201cEl estado actual y el futuro de la nariz electr\u00f3nica (e-nose). \u201c","robots":{"index":"noindex","follow":"follow"},"og_locale":"ar_AR","og_type":"article","og_title":"[:es]Discurso del Dr. Pedro Clar\u00f3s en la RAMZ.[:] - Cl\u00ed\u00adnica Clar\u00f3s","og_description":"\u201cEl estado actual y el futuro de la nariz electr\u00f3nica (e-nose). \u201c","og_url":"https:\/\/www.clinicaclaros.com\/project\/discurso-del-dr-pedro-claros-en-la-ramz\/","og_site_name":"Cl\u00ed\u00adnica Clar\u00f3s","article_publisher":"https:\/\/www.facebook.com\/clinicaclaros","article_modified_time":"2022-04-28T11:06:46+00:00","og_image":[{"width":1200,"height":1600,"url":"https:\/\/www.clinicaclaros.com\/wp-content\/uploads\/2019\/01\/5cddba61-301b-4211-b046-69c9ff8983dd.jpg","type":"image\/jpeg"}],"twitter_card":"summary_large_image","twitter_site":"@ClinicaClaros","schema":{"@context":"https:\/\/schema.org","@graph":[{"@type":"WebPage","@id":"https:\/\/www.clinicaclaros.com\/project\/discurso-del-dr-pedro-claros-en-la-ramz\/","url":"https:\/\/www.clinicaclaros.com\/project\/discurso-del-dr-pedro-claros-en-la-ramz\/","name":"[:es]Discurso del Dr. Pedro Clar\u00f3s en la RAMZ.[:] - Cl\u00ed\u00adnica Clar\u00f3s","isPartOf":{"@id":"https:\/\/www.clinicaclaros.com\/#website"},"primaryImageOfPage":{"@id":"https:\/\/www.clinicaclaros.com\/project\/discurso-del-dr-pedro-claros-en-la-ramz\/#primaryimage"},"image":{"@id":"https:\/\/www.clinicaclaros.com\/project\/discurso-del-dr-pedro-claros-en-la-ramz\/#primaryimage"},"thumbnailUrl":"https:\/\/www.clinicaclaros.com\/wp-content\/uploads\/2019\/01\/5cddba61-301b-4211-b046-69c9ff8983dd.jpg","datePublished":"2022-04-28T11:06:20+00:00","dateModified":"2022-04-28T11:06:46+00:00","description":"\u201cEl estado actual y el futuro de la nariz electr\u00f3nica (e-nose). \u201c","breadcrumb":{"@id":"https:\/\/www.clinicaclaros.com\/project\/discurso-del-dr-pedro-claros-en-la-ramz\/#breadcrumb"},"inLanguage":"ar","potentialAction":[{"@type":"ReadAction","target":["https:\/\/www.clinicaclaros.com\/project\/discurso-del-dr-pedro-claros-en-la-ramz\/"]}]},{"@type":"ImageObject","inLanguage":"ar","@id":"https:\/\/www.clinicaclaros.com\/project\/discurso-del-dr-pedro-claros-en-la-ramz\/#primaryimage","url":"https:\/\/www.clinicaclaros.com\/wp-content\/uploads\/2019\/01\/5cddba61-301b-4211-b046-69c9ff8983dd.jpg","contentUrl":"https:\/\/www.clinicaclaros.com\/wp-content\/uploads\/2019\/01\/5cddba61-301b-4211-b046-69c9ff8983dd.jpg","width":1200,"height":1600,"caption":"4"},{"@type":"BreadcrumbList","@id":"https:\/\/www.clinicaclaros.com\/project\/discurso-del-dr-pedro-claros-en-la-ramz\/#breadcrumb","itemListElement":[{"@type":"ListItem","position":1,"name":"Portada","item":"https:\/\/www.clinicaclaros.com\/"},{"@type":"ListItem","position":2,"name":"Portafolio","item":"https:\/\/www.clinicaclaros.com\/project\/"},{"@type":"ListItem","position":3,"name":"Discurso del Dr. Pedro Clar\u00f3s en la RAMZ."}]},{"@type":"WebSite","@id":"https:\/\/www.clinicaclaros.com\/#website","url":"https:\/\/www.clinicaclaros.com\/","name":"Cl\u00ed\u00adnica Clar\u00f3s","description":"Otorrinolaringolog\u00eda y Cirug\u00eda Pl\u00e1stica Facial","publisher":{"@id":"https:\/\/www.clinicaclaros.com\/#organization"},"potentialAction":[{"@type":"SearchAction","target":{"@type":"EntryPoint","urlTemplate":"https:\/\/www.clinicaclaros.com\/?s={search_term_string}"},"query-input":{"@type":"PropertyValueSpecification","valueRequired":true,"valueName":"search_term_string"}}],"inLanguage":"ar"},{"@type":"Organization","@id":"https:\/\/www.clinicaclaros.com\/#organization","name":"Cl\u00ednica Clar\u00f3s","url":"https:\/\/www.clinicaclaros.com\/","logo":{"@type":"ImageObject","inLanguage":"ar","@id":"https:\/\/www.clinicaclaros.com\/#\/schema\/logo\/image\/","url":"https:\/\/www.clinicaclaros.com\/wp-content\/uploads\/2015\/06\/logoalargadocabecera.jpg","contentUrl":"https:\/\/www.clinicaclaros.com\/wp-content\/uploads\/2015\/06\/logoalargadocabecera.jpg","width":200,"height":60,"caption":"Cl\u00ednica Clar\u00f3s"},"image":{"@id":"https:\/\/www.clinicaclaros.com\/#\/schema\/logo\/image\/"},"sameAs":["https:\/\/www.facebook.com\/clinicaclaros","https:\/\/x.com\/ClinicaClaros","https:\/\/www.linkedin.com\/company\/cl\u00ednica-clar\u00f3s","https:\/\/www.youtube.com\/user\/FundacioClaros"]}]}},"_links":{"self":[{"href":"https:\/\/www.clinicaclaros.com\/ar\/wp-json\/wp\/v2\/dt_portfolio\/65794","targetHints":{"allow":["GET"]}}],"collection":[{"href":"https:\/\/www.clinicaclaros.com\/ar\/wp-json\/wp\/v2\/dt_portfolio"}],"about":[{"href":"https:\/\/www.clinicaclaros.com\/ar\/wp-json\/wp\/v2\/types\/dt_portfolio"}],"author":[{"embeddable":true,"href":"https:\/\/www.clinicaclaros.com\/ar\/wp-json\/wp\/v2\/users\/1"}],"replies":[{"embeddable":true,"href":"https:\/\/www.clinicaclaros.com\/ar\/wp-json\/wp\/v2\/comments?post=65794"}],"version-history":[{"count":0,"href":"https:\/\/www.clinicaclaros.com\/ar\/wp-json\/wp\/v2\/dt_portfolio\/65794\/revisions"}],"wp:featuredmedia":[{"embeddable":true,"href":"https:\/\/www.clinicaclaros.com\/ar\/wp-json\/wp\/v2\/media\/37237"}],"wp:attachment":[{"href":"https:\/\/www.clinicaclaros.com\/ar\/wp-json\/wp\/v2\/media?parent=65794"}],"wp:term":[{"taxonomy":"dt_portfolio_category","embeddable":true,"href":"https:\/\/www.clinicaclaros.com\/ar\/wp-json\/wp\/v2\/dt_portfolio_category?post=65794"},{"taxonomy":"dt_portfolio_tags","embeddable":true,"href":"https:\/\/www.clinicaclaros.com\/ar\/wp-json\/wp\/v2\/dt_portfolio_tags?post=65794"}],"curies":[{"name":"wp","href":"https:\/\/api.w.org\/{rel}","templated":true}]}}

(Español) Discurso del Dr. Pedro Clarós en la RAMZ.

<p class="qtranxs-available-languages-message qtranxs-available-languages-message-ar">عفوا، هذه المدخلة موجودة فقط في <a href="https://www.clinicaclaros.com/es/wp-json/wp/v2/dt_portfolio/65794" class="qtranxs-available-language-link qtranxs-available-language-link-es" title="Español">Español</a>.</p>

<p>عفوا، هذه المدخلة موجودة فقط في Español.</p>

<!-- This site is optimized with the Yoast SEO plugin v27.4 - https://yoast.com/product/yoast-seo-wordpress/ -->
<title></title>
<meta name="description" content="“El estado actual y el futuro de la nariz electrónica (e-nose). “" />
<meta name="robots" content="noindex, follow" />
<meta property="og:locale" content="ar_AR" />
<meta property="og:type" content="article" />
<meta property="og:title" content="[:es]Discurso del Dr. Pedro Clarós en la RAMZ.[:] - Clí­nica Clarós" />
<meta property="og:description" content="“El estado actual y el futuro de la nariz electrónica (e-nose). “" />
<meta property="og:url" content="https://www.clinicaclaros.com/project/discurso-del-dr-pedro-claros-en-la-ramz/" />
<meta property="og:site_name" content="Clí­nica Clarós" />
<meta property="article:publisher" content="https://www.facebook.com/clinicaclaros" />
<meta property="article:modified_time" content="2022-04-28T11:06:46+00:00" />
<meta property="og:image" content="https://www.clinicaclaros.com/wp-content/uploads/2019/01/5cddba61-301b-4211-b046-69c9ff8983dd.jpg" />
	<meta property="og:image:width" content="1200" />
	<meta property="og:image:height" content="1600" />
	<meta property="og:image:type" content="image/jpeg" />
<meta name="twitter:card" content="summary_large_image" />
<meta name="twitter:site" content="@ClinicaClaros" />
<script type="application/ld+json" class="yoast-schema-graph">{"@context":"https:\/\/schema.org","@graph":[{"@type":"WebPage","@id":"https:\/\/www.clinicaclaros.com\/project\/discurso-del-dr-pedro-claros-en-la-ramz\/","url":"https:\/\/www.clinicaclaros.com\/project\/discurso-del-dr-pedro-claros-en-la-ramz\/","name":"[:es]Discurso del Dr. Pedro Clarós en la RAMZ.[:] - Clí­nica Clarós","isPartOf":{"@id":"https:\/\/www.clinicaclaros.com\/#website"},"primaryImageOfPage":{"@id":"https:\/\/www.clinicaclaros.com\/project\/discurso-del-dr-pedro-claros-en-la-ramz\/#primaryimage"},"image":{"@id":"https:\/\/www.clinicaclaros.com\/project\/discurso-del-dr-pedro-claros-en-la-ramz\/#primaryimage"},"thumbnailUrl":"https:\/\/www.clinicaclaros.com\/wp-content\/uploads\/2019\/01\/5cddba61-301b-4211-b046-69c9ff8983dd.jpg","datePublished":"2022-04-28T11:06:20+00:00","dateModified":"2022-04-28T11:06:46+00:00","description":"“El estado actual y el futuro de la nariz electrónica (e-nose). “","breadcrumb":{"@id":"https:\/\/www.clinicaclaros.com\/project\/discurso-del-dr-pedro-claros-en-la-ramz\/#breadcrumb"},"inLanguage":"ar","potentialAction":[{"@type":"ReadAction","target":["https:\/\/www.clinicaclaros.com\/project\/discurso-del-dr-pedro-claros-en-la-ramz\/"]}]},{"@type":"ImageObject","inLanguage":"ar","@id":"https:\/\/www.clinicaclaros.com\/project\/discurso-del-dr-pedro-claros-en-la-ramz\/#primaryimage","url":"https:\/\/www.clinicaclaros.com\/wp-content\/uploads\/2019\/01\/5cddba61-301b-4211-b046-69c9ff8983dd.jpg","contentUrl":"https:\/\/www.clinicaclaros.com\/wp-content\/uploads\/2019\/01\/5cddba61-301b-4211-b046-69c9ff8983dd.jpg","width":1200,"height":1600,"caption":"4"},{"@type":"BreadcrumbList","@id":"https:\/\/www.clinicaclaros.com\/project\/discurso-del-dr-pedro-claros-en-la-ramz\/#breadcrumb","itemListElement":[{"@type":"ListItem","position":1,"name":"Portada","item":"https:\/\/www.clinicaclaros.com\/"},{"@type":"ListItem","position":2,"name":"Portafolio","item":"https:\/\/www.clinicaclaros.com\/project\/"},{"@type":"ListItem","position":3,"name":"Discurso del Dr. Pedro Clarós en la RAMZ."}]},{"@type":"WebSite","@id":"https:\/\/www.clinicaclaros.com\/#website","url":"https:\/\/www.clinicaclaros.com\/","name":"Clí­nica Clarós","description":"Otorrinolaringología y Cirugía Plástica Facial","publisher":{"@id":"https:\/\/www.clinicaclaros.com\/#organization"},"potentialAction":[{"@type":"SearchAction","target":{"@type":"EntryPoint","urlTemplate":"https:\/\/www.clinicaclaros.com\/?s={search_term_string}"},"query-input":{"@type":"PropertyValueSpecification","valueRequired":true,"valueName":"search_term_string"}}],"inLanguage":"ar"},{"@type":"Organization","@id":"https:\/\/www.clinicaclaros.com\/#organization","name":"Clínica Clarós","url":"https:\/\/www.clinicaclaros.com\/","logo":{"@type":"ImageObject","inLanguage":"ar","@id":"https:\/\/www.clinicaclaros.com\/#\/schema\/logo\/image\/","url":"https:\/\/www.clinicaclaros.com\/wp-content\/uploads\/2015\/06\/logoalargadocabecera.jpg","contentUrl":"https:\/\/www.clinicaclaros.com\/wp-content\/uploads\/2015\/06\/logoalargadocabecera.jpg","width":200,"height":60,"caption":"Clínica Clarós"},"image":{"@id":"https:\/\/www.clinicaclaros.com\/#\/schema\/logo\/image\/"},"sameAs":["https:\/\/www.facebook.com\/clinicaclaros","https:\/\/x.com\/ClinicaClaros","https:\/\/www.linkedin.com\/company\/clínica-clarós","https:\/\/www.youtube.com\/user\/FundacioClaros"]}]}</script>
<!-- / Yoast SEO plugin. -->

[:es]Discurso del Dr. Pedro Clarós en la RAMZ.[:] - Clí­nica Clarós

“El estado actual y el futuro de la nariz electrónica (e-nose). “

Clí­nica Clarós

Discurso del Dr. Pedro Clarós en la RAMZ.

Otorrinolaringología y Cirugía Plástica Facial

Clínica Clarós

https://www.linkedin.com/company/clínica-clarós
