{"id":36144,"date":"2015-08-04T08:40:27","date_gmt":"2015-08-04T08:40:27","guid":{"rendered":"http:\/\/www.clinicaclaros.com\/?post_type=dt_portfolio&#038;p=36144"},"modified":"2015-08-04T09:48:58","modified_gmt":"2015-08-04T09:48:58","slug":"viaje-humanitario-a-cabo-verde-de-la-fundacion-claros","status":"publish","type":"dt_portfolio","link":"https:\/\/www.clinicaclaros.com\/ar\/project\/viaje-humanitario-a-cabo-verde-de-la-fundacion-claros\/","title":{"rendered":"(Espa\u00f1ol) Viaje Humanitario a Cabo Verde de la Fundaci\u00f3n Clar\u00f3s"},"content":{"rendered":"<p class=\"qtranxs-available-languages-message qtranxs-available-languages-message-ar\">\u0639\u0641\u0648\u0627\u060c \u0647\u0630\u0647 \u0627\u0644\u0645\u062f\u062e\u0644\u0629 \u0645\u0648\u062c\u0648\u062f\u0629 \u0641\u0642\u0637 \u0641\u064a <a href=\"https:\/\/www.clinicaclaros.com\/es\/wp-json\/wp\/v2\/dt_portfolio\/36144\" class=\"qtranxs-available-language-link qtranxs-available-language-link-es\" title=\"Espa\u00f1ol\">Espa\u00f1ol<\/a>.<\/p>","protected":false},"excerpt":{"rendered":"<p>\u0639\u0641\u0648\u0627\u060c \u0647\u0630\u0647 \u0627\u0644\u0645\u062f\u062e\u0644\u0629 \u0645\u0648\u062c\u0648\u062f\u0629 \u0641\u0642\u0637 \u0641\u064a Espa\u00f1ol.<\/p>\n","protected":false},"author":1,"featured_media":36148,"comment_status":"closed","ping_status":"closed","template":"","dt_portfolio_category":[72],"dt_portfolio_tags":[],"class_list":["post-36144","dt_portfolio","type-dt_portfolio","status-publish","has-post-thumbnail","hentry","dt_portfolio_category-fundacion-claros","dt_portfolio_category-72","description-off"],"yoast_head":"<!-- This site is optimized with the Yoast SEO plugin v27.4 - https:\/\/yoast.com\/product\/yoast-seo-wordpress\/ -->\n<title><\/title>\n<meta name=\"robots\" content=\"noindex, follow\" \/>\n<meta property=\"og:locale\" content=\"ar_AR\" \/>\n<meta property=\"og:type\" content=\"article\" \/>\n<meta property=\"og:title\" content=\"[:es]Viaje Humanitario a Cabo Verde de la Fundaci\u00f3n Clar\u00f3s[:] - Cl\u00ed\u00adnica Clar\u00f3s\" \/>\n<meta property=\"og:description\" content=\"\u0639\u0641\u0648\u0627\u060c \u0647\u0630\u0647 \u0627\u0644\u0645\u062f\u062e\u0644\u0629 \u0645\u0648\u062c\u0648\u062f\u0629 \u0641\u0642\u0637 \u0641\u064a Espa\u00f1ol.\" \/>\n<meta property=\"og:url\" content=\"https:\/\/www.clinicaclaros.com\/project\/viaje-humanitario-a-cabo-verde-de-la-fundacion-claros\/\" \/>\n<meta property=\"og:site_name\" content=\"Cl\u00ed\u00adnica Clar\u00f3s\" \/>\n<meta property=\"article:publisher\" content=\"https:\/\/www.facebook.com\/clinicaclaros\" \/>\n<meta property=\"article:modified_time\" content=\"2015-08-04T09:48:58+00:00\" \/>\n<meta property=\"og:image\" content=\"https:\/\/www.clinicaclaros.com\/wp-content\/uploads\/2015\/08\/11807604_876593949081347_6014089983123198142_o.jpg\" \/>\n\t<meta property=\"og:image:width\" content=\"2048\" \/>\n\t<meta property=\"og:image:height\" content=\"1529\" \/>\n\t<meta property=\"og:image:type\" content=\"image\/jpeg\" \/>\n<meta name=\"twitter:card\" content=\"summary_large_image\" \/>\n<meta name=\"twitter:site\" content=\"@ClinicaClaros\" \/>\n<script type=\"application\/ld+json\" class=\"yoast-schema-graph\">{\"@context\":\"https:\\\/\\\/schema.org\",\"@graph\":[{\"@type\":\"WebPage\",\"@id\":\"https:\\\/\\\/www.clinicaclaros.com\\\/project\\\/viaje-humanitario-a-cabo-verde-de-la-fundacion-claros\\\/\",\"url\":\"https:\\\/\\\/www.clinicaclaros.com\\\/project\\\/viaje-humanitario-a-cabo-verde-de-la-fundacion-claros\\\/\",\"name\":\"[:es]Viaje Humanitario a Cabo Verde de la Fundaci\u00f3n Clar\u00f3s[:] - Cl\u00ed\u00adnica Clar\u00f3s\",\"isPartOf\":{\"@id\":\"https:\\\/\\\/www.clinicaclaros.com\\\/#website\"},\"primaryImageOfPage\":{\"@id\":\"https:\\\/\\\/www.clinicaclaros.com\\\/project\\\/viaje-humanitario-a-cabo-verde-de-la-fundacion-claros\\\/#primaryimage\"},\"image\":{\"@id\":\"https:\\\/\\\/www.clinicaclaros.com\\\/project\\\/viaje-humanitario-a-cabo-verde-de-la-fundacion-claros\\\/#primaryimage\"},\"thumbnailUrl\":\"https:\\\/\\\/www.clinicaclaros.com\\\/wp-content\\\/uploads\\\/2015\\\/08\\\/11807604_876593949081347_6014089983123198142_o.jpg\",\"datePublished\":\"2015-08-04T08:40:27+00:00\",\"dateModified\":\"2015-08-04T09:48:58+00:00\",\"breadcrumb\":{\"@id\":\"https:\\\/\\\/www.clinicaclaros.com\\\/project\\\/viaje-humanitario-a-cabo-verde-de-la-fundacion-claros\\\/#breadcrumb\"},\"inLanguage\":\"ar\",\"potentialAction\":[{\"@type\":\"ReadAction\",\"target\":[\"https:\\\/\\\/www.clinicaclaros.com\\\/project\\\/viaje-humanitario-a-cabo-verde-de-la-fundacion-claros\\\/\"]}]},{\"@type\":\"ImageObject\",\"inLanguage\":\"ar\",\"@id\":\"https:\\\/\\\/www.clinicaclaros.com\\\/project\\\/viaje-humanitario-a-cabo-verde-de-la-fundacion-claros\\\/#primaryimage\",\"url\":\"https:\\\/\\\/www.clinicaclaros.com\\\/wp-content\\\/uploads\\\/2015\\\/08\\\/11807604_876593949081347_6014089983123198142_o.jpg\",\"contentUrl\":\"https:\\\/\\\/www.clinicaclaros.com\\\/wp-content\\\/uploads\\\/2015\\\/08\\\/11807604_876593949081347_6014089983123198142_o.jpg\",\"width\":2048,\"height\":1529},{\"@type\":\"BreadcrumbList\",\"@id\":\"https:\\\/\\\/www.clinicaclaros.com\\\/project\\\/viaje-humanitario-a-cabo-verde-de-la-fundacion-claros\\\/#breadcrumb\",\"itemListElement\":[{\"@type\":\"ListItem\",\"position\":1,\"name\":\"Portada\",\"item\":\"https:\\\/\\\/www.clinicaclaros.com\\\/\"},{\"@type\":\"ListItem\",\"position\":2,\"name\":\"Portafolio\",\"item\":\"https:\\\/\\\/www.clinicaclaros.com\\\/project\\\/\"},{\"@type\":\"ListItem\",\"position\":3,\"name\":\"Viaje Humanitario a Cabo Verde de la Fundaci\u00f3n Clar\u00f3s\"}]},{\"@type\":\"WebSite\",\"@id\":\"https:\\\/\\\/www.clinicaclaros.com\\\/#website\",\"url\":\"https:\\\/\\\/www.clinicaclaros.com\\\/\",\"name\":\"Cl\u00ed\u00adnica Clar\u00f3s\",\"description\":\"Otorrinolaringolog\u00eda y Cirug\u00eda Pl\u00e1stica Facial\",\"publisher\":{\"@id\":\"https:\\\/\\\/www.clinicaclaros.com\\\/#organization\"},\"potentialAction\":[{\"@type\":\"SearchAction\",\"target\":{\"@type\":\"EntryPoint\",\"urlTemplate\":\"https:\\\/\\\/www.clinicaclaros.com\\\/?s={search_term_string}\"},\"query-input\":{\"@type\":\"PropertyValueSpecification\",\"valueRequired\":true,\"valueName\":\"search_term_string\"}}],\"inLanguage\":\"ar\"},{\"@type\":\"Organization\",\"@id\":\"https:\\\/\\\/www.clinicaclaros.com\\\/#organization\",\"name\":\"Cl\u00ednica Clar\u00f3s\",\"url\":\"https:\\\/\\\/www.clinicaclaros.com\\\/\",\"logo\":{\"@type\":\"ImageObject\",\"inLanguage\":\"ar\",\"@id\":\"https:\\\/\\\/www.clinicaclaros.com\\\/#\\\/schema\\\/logo\\\/image\\\/\",\"url\":\"https:\\\/\\\/www.clinicaclaros.com\\\/wp-content\\\/uploads\\\/2015\\\/06\\\/logoalargadocabecera.jpg\",\"contentUrl\":\"https:\\\/\\\/www.clinicaclaros.com\\\/wp-content\\\/uploads\\\/2015\\\/06\\\/logoalargadocabecera.jpg\",\"width\":200,\"height\":60,\"caption\":\"Cl\u00ednica Clar\u00f3s\"},\"image\":{\"@id\":\"https:\\\/\\\/www.clinicaclaros.com\\\/#\\\/schema\\\/logo\\\/image\\\/\"},\"sameAs\":[\"https:\\\/\\\/www.facebook.com\\\/clinicaclaros\",\"https:\\\/\\\/x.com\\\/ClinicaClaros\",\"https:\\\/\\\/www.linkedin.com\\\/company\\\/cl\u00ednica-clar\u00f3s\",\"https:\\\/\\\/www.youtube.com\\\/user\\\/FundacioClaros\"]}]}<\/script>\n<!-- \/ Yoast SEO plugin. -->","yoast_head_json":{"title":"[:es]Viaje Humanitario a Cabo Verde de la Fundaci\u00f3n Clar\u00f3s[:] - Cl\u00ed\u00adnica Clar\u00f3s","robots":{"index":"noindex","follow":"follow"},"og_locale":"ar_AR","og_type":"article","og_title":"[:es]Viaje Humanitario a Cabo Verde de la Fundaci\u00f3n Clar\u00f3s[:] - Cl\u00ed\u00adnica Clar\u00f3s","og_description":"\u0639\u0641\u0648\u0627\u060c \u0647\u0630\u0647 \u0627\u0644\u0645\u062f\u062e\u0644\u0629 \u0645\u0648\u062c\u0648\u062f\u0629 \u0641\u0642\u0637 \u0641\u064a Espa\u00f1ol.","og_url":"https:\/\/www.clinicaclaros.com\/project\/viaje-humanitario-a-cabo-verde-de-la-fundacion-claros\/","og_site_name":"Cl\u00ed\u00adnica Clar\u00f3s","article_publisher":"https:\/\/www.facebook.com\/clinicaclaros","article_modified_time":"2015-08-04T09:48:58+00:00","og_image":[{"width":2048,"height":1529,"url":"https:\/\/www.clinicaclaros.com\/wp-content\/uploads\/2015\/08\/11807604_876593949081347_6014089983123198142_o.jpg","type":"image\/jpeg"}],"twitter_card":"summary_large_image","twitter_site":"@ClinicaClaros","schema":{"@context":"https:\/\/schema.org","@graph":[{"@type":"WebPage","@id":"https:\/\/www.clinicaclaros.com\/project\/viaje-humanitario-a-cabo-verde-de-la-fundacion-claros\/","url":"https:\/\/www.clinicaclaros.com\/project\/viaje-humanitario-a-cabo-verde-de-la-fundacion-claros\/","name":"[:es]Viaje Humanitario a Cabo Verde de la Fundaci\u00f3n Clar\u00f3s[:] - Cl\u00ed\u00adnica Clar\u00f3s","isPartOf":{"@id":"https:\/\/www.clinicaclaros.com\/#website"},"primaryImageOfPage":{"@id":"https:\/\/www.clinicaclaros.com\/project\/viaje-humanitario-a-cabo-verde-de-la-fundacion-claros\/#primaryimage"},"image":{"@id":"https:\/\/www.clinicaclaros.com\/project\/viaje-humanitario-a-cabo-verde-de-la-fundacion-claros\/#primaryimage"},"thumbnailUrl":"https:\/\/www.clinicaclaros.com\/wp-content\/uploads\/2015\/08\/11807604_876593949081347_6014089983123198142_o.jpg","datePublished":"2015-08-04T08:40:27+00:00","dateModified":"2015-08-04T09:48:58+00:00","breadcrumb":{"@id":"https:\/\/www.clinicaclaros.com\/project\/viaje-humanitario-a-cabo-verde-de-la-fundacion-claros\/#breadcrumb"},"inLanguage":"ar","potentialAction":[{"@type":"ReadAction","target":["https:\/\/www.clinicaclaros.com\/project\/viaje-humanitario-a-cabo-verde-de-la-fundacion-claros\/"]}]},{"@type":"ImageObject","inLanguage":"ar","@id":"https:\/\/www.clinicaclaros.com\/project\/viaje-humanitario-a-cabo-verde-de-la-fundacion-claros\/#primaryimage","url":"https:\/\/www.clinicaclaros.com\/wp-content\/uploads\/2015\/08\/11807604_876593949081347_6014089983123198142_o.jpg","contentUrl":"https:\/\/www.clinicaclaros.com\/wp-content\/uploads\/2015\/08\/11807604_876593949081347_6014089983123198142_o.jpg","width":2048,"height":1529},{"@type":"BreadcrumbList","@id":"https:\/\/www.clinicaclaros.com\/project\/viaje-humanitario-a-cabo-verde-de-la-fundacion-claros\/#breadcrumb","itemListElement":[{"@type":"ListItem","position":1,"name":"Portada","item":"https:\/\/www.clinicaclaros.com\/"},{"@type":"ListItem","position":2,"name":"Portafolio","item":"https:\/\/www.clinicaclaros.com\/project\/"},{"@type":"ListItem","position":3,"name":"Viaje Humanitario a Cabo Verde de la Fundaci\u00f3n Clar\u00f3s"}]},{"@type":"WebSite","@id":"https:\/\/www.clinicaclaros.com\/#website","url":"https:\/\/www.clinicaclaros.com\/","name":"Cl\u00ed\u00adnica Clar\u00f3s","description":"Otorrinolaringolog\u00eda y Cirug\u00eda Pl\u00e1stica Facial","publisher":{"@id":"https:\/\/www.clinicaclaros.com\/#organization"},"potentialAction":[{"@type":"SearchAction","target":{"@type":"EntryPoint","urlTemplate":"https:\/\/www.clinicaclaros.com\/?s={search_term_string}"},"query-input":{"@type":"PropertyValueSpecification","valueRequired":true,"valueName":"search_term_string"}}],"inLanguage":"ar"},{"@type":"Organization","@id":"https:\/\/www.clinicaclaros.com\/#organization","name":"Cl\u00ednica Clar\u00f3s","url":"https:\/\/www.clinicaclaros.com\/","logo":{"@type":"ImageObject","inLanguage":"ar","@id":"https:\/\/www.clinicaclaros.com\/#\/schema\/logo\/image\/","url":"https:\/\/www.clinicaclaros.com\/wp-content\/uploads\/2015\/06\/logoalargadocabecera.jpg","contentUrl":"https:\/\/www.clinicaclaros.com\/wp-content\/uploads\/2015\/06\/logoalargadocabecera.jpg","width":200,"height":60,"caption":"Cl\u00ednica Clar\u00f3s"},"image":{"@id":"https:\/\/www.clinicaclaros.com\/#\/schema\/logo\/image\/"},"sameAs":["https:\/\/www.facebook.com\/clinicaclaros","https:\/\/x.com\/ClinicaClaros","https:\/\/www.linkedin.com\/company\/cl\u00ednica-clar\u00f3s","https:\/\/www.youtube.com\/user\/FundacioClaros"]}]}},"_links":{"self":[{"href":"https:\/\/www.clinicaclaros.com\/ar\/wp-json\/wp\/v2\/dt_portfolio\/36144","targetHints":{"allow":["GET"]}}],"collection":[{"href":"https:\/\/www.clinicaclaros.com\/ar\/wp-json\/wp\/v2\/dt_portfolio"}],"about":[{"href":"https:\/\/www.clinicaclaros.com\/ar\/wp-json\/wp\/v2\/types\/dt_portfolio"}],"author":[{"embeddable":true,"href":"https:\/\/www.clinicaclaros.com\/ar\/wp-json\/wp\/v2\/users\/1"}],"replies":[{"embeddable":true,"href":"https:\/\/www.clinicaclaros.com\/ar\/wp-json\/wp\/v2\/comments?post=36144"}],"version-history":[{"count":0,"href":"https:\/\/www.clinicaclaros.com\/ar\/wp-json\/wp\/v2\/dt_portfolio\/36144\/revisions"}],"wp:featuredmedia":[{"embeddable":true,"href":"https:\/\/www.clinicaclaros.com\/ar\/wp-json\/wp\/v2\/media\/36148"}],"wp:attachment":[{"href":"https:\/\/www.clinicaclaros.com\/ar\/wp-json\/wp\/v2\/media?parent=36144"}],"wp:term":[{"taxonomy":"dt_portfolio_category","embeddable":true,"href":"https:\/\/www.clinicaclaros.com\/ar\/wp-json\/wp\/v2\/dt_portfolio_category?post=36144"},{"taxonomy":"dt_portfolio_tags","embeddable":true,"href":"https:\/\/www.clinicaclaros.com\/ar\/wp-json\/wp\/v2\/dt_portfolio_tags?post=36144"}],"curies":[{"name":"wp","href":"https:\/\/api.w.org\/{rel}","templated":true}]}}

(Español) Viaje Humanitario a Cabo Verde de la Fundación Clarós

<p class="qtranxs-available-languages-message qtranxs-available-languages-message-ar">عفوا، هذه المدخلة موجودة فقط في <a href="https://www.clinicaclaros.com/es/wp-json/wp/v2/dt_portfolio/36144" class="qtranxs-available-language-link qtranxs-available-language-link-es" title="Español">Español</a>.</p>

<p>عفوا، هذه المدخلة موجودة فقط في Español.</p>

<!-- This site is optimized with the Yoast SEO plugin v27.4 - https://yoast.com/product/yoast-seo-wordpress/ -->
<title></title>
<meta name="robots" content="noindex, follow" />
<meta property="og:locale" content="ar_AR" />
<meta property="og:type" content="article" />
<meta property="og:title" content="[:es]Viaje Humanitario a Cabo Verde de la Fundación Clarós[:] - Clí­nica Clarós" />
<meta property="og:description" content="عفوا، هذه المدخلة موجودة فقط في Español." />
<meta property="og:url" content="https://www.clinicaclaros.com/project/viaje-humanitario-a-cabo-verde-de-la-fundacion-claros/" />
<meta property="og:site_name" content="Clí­nica Clarós" />
<meta property="article:publisher" content="https://www.facebook.com/clinicaclaros" />
<meta property="article:modified_time" content="2015-08-04T09:48:58+00:00" />
<meta property="og:image" content="https://www.clinicaclaros.com/wp-content/uploads/2015/08/11807604_876593949081347_6014089983123198142_o.jpg" />
	<meta property="og:image:width" content="2048" />
	<meta property="og:image:height" content="1529" />
	<meta property="og:image:type" content="image/jpeg" />
<meta name="twitter:card" content="summary_large_image" />
<meta name="twitter:site" content="@ClinicaClaros" />
<script type="application/ld+json" class="yoast-schema-graph">{"@context":"https:\/\/schema.org","@graph":[{"@type":"WebPage","@id":"https:\/\/www.clinicaclaros.com\/project\/viaje-humanitario-a-cabo-verde-de-la-fundacion-claros\/","url":"https:\/\/www.clinicaclaros.com\/project\/viaje-humanitario-a-cabo-verde-de-la-fundacion-claros\/","name":"[:es]Viaje Humanitario a Cabo Verde de la Fundación Clarós[:] - Clí­nica Clarós","isPartOf":{"@id":"https:\/\/www.clinicaclaros.com\/#website"},"primaryImageOfPage":{"@id":"https:\/\/www.clinicaclaros.com\/project\/viaje-humanitario-a-cabo-verde-de-la-fundacion-claros\/#primaryimage"},"image":{"@id":"https:\/\/www.clinicaclaros.com\/project\/viaje-humanitario-a-cabo-verde-de-la-fundacion-claros\/#primaryimage"},"thumbnailUrl":"https:\/\/www.clinicaclaros.com\/wp-content\/uploads\/2015\/08\/11807604_876593949081347_6014089983123198142_o.jpg","datePublished":"2015-08-04T08:40:27+00:00","dateModified":"2015-08-04T09:48:58+00:00","breadcrumb":{"@id":"https:\/\/www.clinicaclaros.com\/project\/viaje-humanitario-a-cabo-verde-de-la-fundacion-claros\/#breadcrumb"},"inLanguage":"ar","potentialAction":[{"@type":"ReadAction","target":["https:\/\/www.clinicaclaros.com\/project\/viaje-humanitario-a-cabo-verde-de-la-fundacion-claros\/"]}]},{"@type":"ImageObject","inLanguage":"ar","@id":"https:\/\/www.clinicaclaros.com\/project\/viaje-humanitario-a-cabo-verde-de-la-fundacion-claros\/#primaryimage","url":"https:\/\/www.clinicaclaros.com\/wp-content\/uploads\/2015\/08\/11807604_876593949081347_6014089983123198142_o.jpg","contentUrl":"https:\/\/www.clinicaclaros.com\/wp-content\/uploads\/2015\/08\/11807604_876593949081347_6014089983123198142_o.jpg","width":2048,"height":1529},{"@type":"BreadcrumbList","@id":"https:\/\/www.clinicaclaros.com\/project\/viaje-humanitario-a-cabo-verde-de-la-fundacion-claros\/#breadcrumb","itemListElement":[{"@type":"ListItem","position":1,"name":"Portada","item":"https:\/\/www.clinicaclaros.com\/"},{"@type":"ListItem","position":2,"name":"Portafolio","item":"https:\/\/www.clinicaclaros.com\/project\/"},{"@type":"ListItem","position":3,"name":"Viaje Humanitario a Cabo Verde de la Fundación Clarós"}]},{"@type":"WebSite","@id":"https:\/\/www.clinicaclaros.com\/#website","url":"https:\/\/www.clinicaclaros.com\/","name":"Clí­nica Clarós","description":"Otorrinolaringología y Cirugía Plástica Facial","publisher":{"@id":"https:\/\/www.clinicaclaros.com\/#organization"},"potentialAction":[{"@type":"SearchAction","target":{"@type":"EntryPoint","urlTemplate":"https:\/\/www.clinicaclaros.com\/?s={search_term_string}"},"query-input":{"@type":"PropertyValueSpecification","valueRequired":true,"valueName":"search_term_string"}}],"inLanguage":"ar"},{"@type":"Organization","@id":"https:\/\/www.clinicaclaros.com\/#organization","name":"Clínica Clarós","url":"https:\/\/www.clinicaclaros.com\/","logo":{"@type":"ImageObject","inLanguage":"ar","@id":"https:\/\/www.clinicaclaros.com\/#\/schema\/logo\/image\/","url":"https:\/\/www.clinicaclaros.com\/wp-content\/uploads\/2015\/06\/logoalargadocabecera.jpg","contentUrl":"https:\/\/www.clinicaclaros.com\/wp-content\/uploads\/2015\/06\/logoalargadocabecera.jpg","width":200,"height":60,"caption":"Clínica Clarós"},"image":{"@id":"https:\/\/www.clinicaclaros.com\/#\/schema\/logo\/image\/"},"sameAs":["https:\/\/www.facebook.com\/clinicaclaros","https:\/\/x.com\/ClinicaClaros","https:\/\/www.linkedin.com\/company\/clínica-clarós","https:\/\/www.youtube.com\/user\/FundacioClaros"]}]}</script>
<!-- / Yoast SEO plugin. -->

[:es]Viaje Humanitario a Cabo Verde de la Fundación Clarós[:] - Clí­nica Clarós

عفوا، هذه المدخلة موجودة فقط في Español.

Clí­nica Clarós

Viaje Humanitario a Cabo Verde de la Fundación Clarós

Otorrinolaringología y Cirugía Plástica Facial

Clínica Clarós

https://www.linkedin.com/company/clínica-clarós
